{"id":6878,"date":"2023-02-10T00:11:45","date_gmt":"2023-02-10T00:11:45","guid":{"rendered":"https:\/\/tavapy.gov.py\/biblioteca\/?post_type=product&#038;p=6878"},"modified":"2023-02-10T00:11:45","modified_gmt":"2023-02-10T00:11:45","slug":"grey-cincuenta-sombras-de-grey-contada-por-christian","status":"publish","type":"product","link":"https:\/\/tavapy.gov.py\/biblioteca\/product\/grey-cincuenta-sombras-de-grey-contada-por-christian\/","title":{"rendered":"GREY: CINCUENTA SOMBRAS DE GREY CONTADA POR CHRISTIAN."},"content":{"rendered":"","protected":false},"excerpt":{"rendered":"<p>Descubre el mundo de Cincuenta sombras de Grey a trav\u00e9s de los ojos de Christian Grey, en esta obra publicada en el 2.015.<\/p>\n<p>E.L. James nos ofrece una nueva perspectiva de la historia de amor que ya ha seducido a millones de lectores en todo el mundo, contada ahora en primera persona por Christian Grey.<\/p>\n<p>Christian necesita tenerlo todo bajo control. Su mundo es puro orden y disciplina aunque, en el fondo, est\u00e1 vac\u00edo&#8230; hasta el d\u00eda en que Anastasia Steele aterriza de bruces en su despacho, hecha una mara\u00f1a de largo pelo casta\u00f1o y esbeltas piernas.<\/p>\n<p>\u00c9l intenta olvidarla pero, muy al contrario, se ve inmerso en una tormenta de emociones que no consigue controlar y a la que no puede resistirse. A diferencia de todas las mujeres que ha conocido, la t\u00edmida e inexperta Ana parece capaz de ver m\u00e1s all\u00e1 del exitoso empresario y la lujosa vida que le rodea, y descubrir el coraz\u00f3n fr\u00edo y lastimado de Christian.<\/p>\n<p>\u00bfLograr\u00e1 su relaci\u00f3n con Ana disipar las pesadillas que le acechan todas las noches? \u00bfO ser\u00e1n sus oscuros impulsos sexuales, su obsesi\u00f3n por el control y el desprecio hacia s\u00ed mismo los que alejar\u00e1n a la joven y destruir\u00e1n la fr\u00e1gil esperanza que ella le ofrece?<\/p>\n<p><a href=\"https:\/\/tavapy.gov.py\/biblioteca\/wp-content\/uploads\/2023\/02\/JamesE-Grey-Cincuenta-sombras-de-Grey-contada-por-Christian.pdf\" target=\"_blank\" rel=\"attachment noopener wp-att-6761\"><img loading=\"lazy\" decoding=\"async\" class=\"size-full wp-image-6761 alignleft\" src=\"https:\/\/tavapy.gov.py\/biblioteca\/wp-content\/uploads\/2023\/02\/icono-PDF-copia-2-1.png\" alt=\"\" width=\"121\" height=\"140\" \/><\/a><\/p>\n","protected":false},"featured_media":6818,"comment_status":"open","ping_status":"closed","template":"","meta":{"spay_email":""},"product_cat":[896],"product_tag":[],"class_list":{"0":"post-6878","1":"product","2":"type-product","3":"status-publish","4":"has-post-thumbnail","6":"book_author-e-l-james","7":"product_cat-novela-romantica-y-erotica","8":"entry"},"_links":{"self":[{"href":"https:\/\/tavapy.gov.py\/biblioteca\/wp-json\/wp\/v2\/product\/6878","targetHints":{"allow":["GET"]}}],"collection":[{"href":"https:\/\/tavapy.gov.py\/biblioteca\/wp-json\/wp\/v2\/product"}],"about":[{"href":"https:\/\/tavapy.gov.py\/biblioteca\/wp-json\/wp\/v2\/types\/product"}],"replies":[{"embeddable":true,"href":"https:\/\/tavapy.gov.py\/biblioteca\/wp-json\/wp\/v2\/comments?post=6878"}],"wp:featuredmedia":[{"embeddable":true,"href":"https:\/\/tavapy.gov.py\/biblioteca\/wp-json\/wp\/v2\/media\/6818"}],"wp:attachment":[{"href":"https:\/\/tavapy.gov.py\/biblioteca\/wp-json\/wp\/v2\/media?parent=6878"}],"wp:term":[{"taxonomy":"product_cat","embeddable":true,"href":"https:\/\/tavapy.gov.py\/biblioteca\/wp-json\/wp\/v2\/product_cat?post=6878"},{"taxonomy":"product_tag","embeddable":true,"href":"https:\/\/tavapy.gov.py\/biblioteca\/wp-json\/wp\/v2\/product_tag?post=6878"}],"curies":[{"name":"wp","href":"https:\/\/api.w.org\/{rel}","templated":true}]}}