{"id":7007,"date":"2023-02-11T00:11:50","date_gmt":"2023-02-11T00:11:50","guid":{"rendered":"https:\/\/tavapy.gov.py\/biblioteca\/?post_type=product&#038;p=7007"},"modified":"2023-02-11T00:11:51","modified_gmt":"2023-02-11T00:11:51","slug":"escucha-tu-cerebro-la-clave-de-la-neurofelicidad","status":"publish","type":"product","link":"https:\/\/tavapy.gov.py\/biblioteca\/product\/escucha-tu-cerebro-la-clave-de-la-neurofelicidad\/","title":{"rendered":"ESCUCHA TU CEREBRO. LA CLAVE DE LA NEUROFELICIDAD."},"content":{"rendered":"","protected":false},"excerpt":{"rendered":"<p>La neuroplasticidad, \u00faltima revoluci\u00f3n en la neurociencia, nos dice que el cerebro, tanto en su estructura como en su actividad, es muy moldeable.<\/p>\n<p>Esta es una gu\u00eda pr\u00e1ctica, cient\u00edficamente comprobada, que nos ayuda a ser m\u00e1s felices reprogramando nuestro cerebro, y que se basa en los conocimientos actuales de la neurociencia, la neuroplasticidad, la epigen\u00e9tica y la neurofelicidad.<\/p>\n<p>La obra Escucha tu cerebro. La clave de la neurofelicidad fue publicada en el 2.015.<\/p>\n<p><a href=\"https:\/\/tavapy.gov.py\/biblioteca\/wp-content\/uploads\/2023\/02\/MartinezM-Escucha-tu-cerebro.pdf\" target=\"_blank\" rel=\"attachment noopener wp-att-6761\"><img loading=\"lazy\" decoding=\"async\" class=\"size-full wp-image-6761 alignleft\" src=\"https:\/\/tavapy.gov.py\/biblioteca\/wp-content\/uploads\/2023\/02\/icono-PDF-copia-2-1.png\" alt=\"\" width=\"121\" height=\"140\" \/><\/a><\/p>\n","protected":false},"featured_media":6903,"comment_status":"open","ping_status":"closed","template":"","meta":{"spay_email":""},"product_cat":[913],"product_tag":[],"class_list":{"0":"post-7007","1":"product","2":"type-product","3":"status-publish","4":"has-post-thumbnail","6":"book_author-luis-moya-albiol","7":"product_cat-neurociencia-emociones","8":"entry"},"_links":{"self":[{"href":"https:\/\/tavapy.gov.py\/biblioteca\/wp-json\/wp\/v2\/product\/7007","targetHints":{"allow":["GET"]}}],"collection":[{"href":"https:\/\/tavapy.gov.py\/biblioteca\/wp-json\/wp\/v2\/product"}],"about":[{"href":"https:\/\/tavapy.gov.py\/biblioteca\/wp-json\/wp\/v2\/types\/product"}],"replies":[{"embeddable":true,"href":"https:\/\/tavapy.gov.py\/biblioteca\/wp-json\/wp\/v2\/comments?post=7007"}],"wp:featuredmedia":[{"embeddable":true,"href":"https:\/\/tavapy.gov.py\/biblioteca\/wp-json\/wp\/v2\/media\/6903"}],"wp:attachment":[{"href":"https:\/\/tavapy.gov.py\/biblioteca\/wp-json\/wp\/v2\/media?parent=7007"}],"wp:term":[{"taxonomy":"product_cat","embeddable":true,"href":"https:\/\/tavapy.gov.py\/biblioteca\/wp-json\/wp\/v2\/product_cat?post=7007"},{"taxonomy":"product_tag","embeddable":true,"href":"https:\/\/tavapy.gov.py\/biblioteca\/wp-json\/wp\/v2\/product_tag?post=7007"}],"curies":[{"name":"wp","href":"https:\/\/api.w.org\/{rel}","templated":true}]}}