{"id":7038,"date":"2023-02-12T15:04:09","date_gmt":"2023-02-12T15:04:09","guid":{"rendered":"https:\/\/tavapy.gov.py\/biblioteca\/?post_type=product&#038;p=7038"},"modified":"2023-02-12T15:04:09","modified_gmt":"2023-02-12T15:04:09","slug":"facundo-o-civilizacion-y-barbarie","status":"publish","type":"product","link":"https:\/\/tavapy.gov.py\/biblioteca\/product\/facundo-o-civilizacion-y-barbarie\/","title":{"rendered":"FACUNDO O CIVILIZACI\u00d3N Y BARBARIE."},"content":{"rendered":"","protected":false},"excerpt":{"rendered":"<p>Facundo o civilizaci\u00f3n y barbarie en las pampas argentinas es un libro escrito en 1845 por el educador, periodista, escritor y pol\u00edtico argentino, Domingo Faustino Sarmiento, durante su segundo exilio en Chile. Considerado por muchos como la primera novela argentina.<\/p>\n<p>Se trata en realidad de un planteo ideol\u00f3gico sobre el deber ser de la cultura argentina, designio pol\u00edtico para cuyo cumplimiento se entremezclan informaciones reales con ficciones, aunque siempre planteadas con tono ameno, en\u00e9rgico y convincente.<\/p>\n<p>El tema principal del libro es la contraposici\u00f3n entre la cultura rural y la urbana de ese tiempo, donde el resultado protot\u00edpico de la primera es, a juicio del autor, el caudillo riojano Facundo Quiroga.<\/p>\n<p>Esta obra es de capital importancia para la literatura latinoamericana, en tanto estructura la dicotom\u00eda que ejemplificar\u00e1 las luchas en el territorio entre fuerzas nacionales y extranjerizantes.<\/p>\n<p><a href=\"https:\/\/tavapy.gov.py\/biblioteca\/wp-content\/uploads\/2023\/02\/SarmientoD-Facundo-o-civilizacion-y-barbarie.pdf\" target=\"_blank\" rel=\"attachment noopener wp-att-7024\"><img loading=\"lazy\" decoding=\"async\" class=\"size-full wp-image-7024 alignleft\" src=\"https:\/\/tavapy.gov.py\/biblioteca\/wp-content\/uploads\/2023\/02\/icono-PDF-copia-2-2.png\" alt=\"\" width=\"121\" height=\"140\" \/><\/a><\/p>\n","protected":false},"featured_media":6967,"comment_status":"open","ping_status":"closed","template":"","meta":{"spay_email":""},"product_cat":[770],"product_tag":[],"class_list":{"0":"post-7038","1":"product","2":"type-product","3":"status-publish","4":"has-post-thumbnail","6":"book_author-domingo-faustino-sarmiento","7":"product_cat-historia-biografia","8":"entry"},"_links":{"self":[{"href":"https:\/\/tavapy.gov.py\/biblioteca\/wp-json\/wp\/v2\/product\/7038","targetHints":{"allow":["GET"]}}],"collection":[{"href":"https:\/\/tavapy.gov.py\/biblioteca\/wp-json\/wp\/v2\/product"}],"about":[{"href":"https:\/\/tavapy.gov.py\/biblioteca\/wp-json\/wp\/v2\/types\/product"}],"replies":[{"embeddable":true,"href":"https:\/\/tavapy.gov.py\/biblioteca\/wp-json\/wp\/v2\/comments?post=7038"}],"wp:featuredmedia":[{"embeddable":true,"href":"https:\/\/tavapy.gov.py\/biblioteca\/wp-json\/wp\/v2\/media\/6967"}],"wp:attachment":[{"href":"https:\/\/tavapy.gov.py\/biblioteca\/wp-json\/wp\/v2\/media?parent=7038"}],"wp:term":[{"taxonomy":"product_cat","embeddable":true,"href":"https:\/\/tavapy.gov.py\/biblioteca\/wp-json\/wp\/v2\/product_cat?post=7038"},{"taxonomy":"product_tag","embeddable":true,"href":"https:\/\/tavapy.gov.py\/biblioteca\/wp-json\/wp\/v2\/product_tag?post=7038"}],"curies":[{"name":"wp","href":"https:\/\/api.w.org\/{rel}","templated":true}]}}