{"id":7045,"date":"2023-02-12T16:18:57","date_gmt":"2023-02-12T16:18:57","guid":{"rendered":"https:\/\/tavapy.gov.py\/biblioteca\/?post_type=product&#038;p=7045"},"modified":"2023-02-12T16:18:57","modified_gmt":"2023-02-12T16:18:57","slug":"fracasos-exitosos-como-crecer-a-partir-de-nuestros-errores-y-detectar-las-oportunidades-que-hay-en-cada-fracaso","status":"publish","type":"product","link":"https:\/\/tavapy.gov.py\/biblioteca\/product\/fracasos-exitosos-como-crecer-a-partir-de-nuestros-errores-y-detectar-las-oportunidades-que-hay-en-cada-fracaso\/","title":{"rendered":"FRACASOS EXITOSOS: C\u00d3MO CRECER A PARTIR DE NUESTROS ERRORES Y DETECTAR LAS OPORTUNIDADES QUE HAY EN CADA FRACASO."},"content":{"rendered":"","protected":false},"excerpt":{"rendered":"<p>Como crecer a partir de nuestros errores y detectar las oportunidades que hay en cada fracaso.<\/p>\n<p>Otro manual de autoayuda del autor best seller Bernardo Stamateas.<\/p>\n<p>Fuimos creados para vivir, para existir. Todos nuestros errores esconden la semilla de las grandes oportunidades.<\/p>\n<p>&#8211; Lo importante es aprender del error, olvidar los detalles y seguir adelante.<\/p>\n<p>&#8211; El fracaso es una situaci\u00f3n, no una posici\u00f3n; no es un muro, es una puerta que te conducir\u00e1 a una nueva dimensi\u00f3n de triunfo.<\/p>\n<p>&#8211; Lo \u00fanico que har\u00e1 el error en tu vida ser\u00e1 liberar tu potencial oculto.<\/p>\n<p>En este libro encontrar\u00e1s principios que te ayudar\u00e1n a transformar tus fracasos en \u00e9xitos. \u00a1Nos vemos en la cima!<\/p>\n<p>La obra Fracasos exitosos de Bernardo Stamateas fue publicada en el 2.011.<\/p>\n<p><a href=\"https:\/\/tavapy.gov.py\/biblioteca\/wp-content\/uploads\/2023\/02\/StamateasB-Fracasos-Exitosos.pdf\" target=\"_blank\" rel=\"attachment noopener wp-att-7024\"><img loading=\"lazy\" decoding=\"async\" class=\"size-full wp-image-7024 alignleft\" src=\"https:\/\/tavapy.gov.py\/biblioteca\/wp-content\/uploads\/2023\/02\/icono-PDF-copia-2-2.png\" alt=\"\" width=\"121\" height=\"140\" \/><\/a><\/p>\n","protected":false},"featured_media":6984,"comment_status":"open","ping_status":"closed","template":"","meta":{"spay_email":""},"product_cat":[743],"product_tag":[],"class_list":{"0":"post-7045","1":"product","2":"type-product","3":"status-publish","4":"has-post-thumbnail","6":"book_author-bernardo-stamateas","7":"product_cat-autoayuda-psicologia-superacion-personal","8":"entry"},"_links":{"self":[{"href":"https:\/\/tavapy.gov.py\/biblioteca\/wp-json\/wp\/v2\/product\/7045","targetHints":{"allow":["GET"]}}],"collection":[{"href":"https:\/\/tavapy.gov.py\/biblioteca\/wp-json\/wp\/v2\/product"}],"about":[{"href":"https:\/\/tavapy.gov.py\/biblioteca\/wp-json\/wp\/v2\/types\/product"}],"replies":[{"embeddable":true,"href":"https:\/\/tavapy.gov.py\/biblioteca\/wp-json\/wp\/v2\/comments?post=7045"}],"wp:featuredmedia":[{"embeddable":true,"href":"https:\/\/tavapy.gov.py\/biblioteca\/wp-json\/wp\/v2\/media\/6984"}],"wp:attachment":[{"href":"https:\/\/tavapy.gov.py\/biblioteca\/wp-json\/wp\/v2\/media?parent=7045"}],"wp:term":[{"taxonomy":"product_cat","embeddable":true,"href":"https:\/\/tavapy.gov.py\/biblioteca\/wp-json\/wp\/v2\/product_cat?post=7045"},{"taxonomy":"product_tag","embeddable":true,"href":"https:\/\/tavapy.gov.py\/biblioteca\/wp-json\/wp\/v2\/product_tag?post=7045"}],"curies":[{"name":"wp","href":"https:\/\/api.w.org\/{rel}","templated":true}]}}