{"id":7049,"date":"2023-02-12T16:40:58","date_gmt":"2023-02-12T16:40:58","guid":{"rendered":"https:\/\/tavapy.gov.py\/biblioteca\/?post_type=product&#038;p=7049"},"modified":"2023-02-12T16:40:58","modified_gmt":"2023-02-12T16:40:58","slug":"historias-de-fracasos-y-fracasados-que-cambiaron-el-mundo","status":"publish","type":"product","link":"https:\/\/tavapy.gov.py\/biblioteca\/product\/historias-de-fracasos-y-fracasados-que-cambiaron-el-mundo\/","title":{"rendered":"HISTORIAS DE FRACASOS Y FRACASADOS QUE CAMBIARON EL MUNDO."},"content":{"rendered":"","protected":false},"excerpt":{"rendered":"<p>Solemos reverenciar el \u00e9xito, el logro, la realizaci\u00f3n de lo que esperamos, pero qu\u00e9 pasar\u00eda con la humanidad si no existiera el intento, la falla, esa b\u00fasqueda permanente de ir m\u00e1s all\u00e1. En este libro publicado en el 2.017, Demian Sterman nos muestra el camino del fracaso, el encanto y el aprendizaje que puede conllevar ir tras algo y no conseguirlo, la posibilidad incluso de encontrar algo m\u00e1s, algo distinto e inesperado.<\/p>\n<p>Henry Ford, Albert Einstein, Antoni Gaud\u00ed, Ludwig van Beethoven, Soichiro Honda, Steve Jobs y hasta Walt Disney son algunos de los nombres que aparecen en Historias de fracasos y fracasados que cambiaron el mundo, que se completa con un paseo por academias, museos y grupos de fracasados como los Emprendedores An\u00f3nimos o las FuckUp Nights.<\/p>\n<p>El autor reserva un apartado para aquellos inventos o descubrimientos a los que se lleg\u00f3 por casualidad: la Coca-Cola, los jeans, el tefl\u00f3n y el Viagra son algunos de los ejemplos que nos permiten terminar de entender c\u00f3mo lo que en un momento se considera un fracaso siempre se reserva la posibilidad de acercarnos al \u00e9xito.<\/p>\n<p><a href=\"https:\/\/tavapy.gov.py\/biblioteca\/wp-content\/uploads\/2023\/02\/StermanF-Historias-de-fracasos-y-fracasados-que-cambiaron-el-mundo.pdf\" target=\"_blank\" rel=\"attachment noopener wp-att-7024\"><img loading=\"lazy\" decoding=\"async\" class=\"size-full wp-image-7024 alignleft\" src=\"https:\/\/tavapy.gov.py\/biblioteca\/wp-content\/uploads\/2023\/02\/icono-PDF-copia-2-2.png\" alt=\"\" width=\"121\" height=\"140\" \/><\/a><\/p>\n","protected":false},"featured_media":6992,"comment_status":"open","ping_status":"closed","template":"","meta":{"spay_email":""},"product_cat":[922],"product_tag":[],"class_list":{"0":"post-7049","1":"product","2":"type-product","3":"status-publish","4":"has-post-thumbnail","6":"book_author-demian-sterman","7":"product_cat-autoayuda-crecimiento-personal","8":"entry"},"_links":{"self":[{"href":"https:\/\/tavapy.gov.py\/biblioteca\/wp-json\/wp\/v2\/product\/7049","targetHints":{"allow":["GET"]}}],"collection":[{"href":"https:\/\/tavapy.gov.py\/biblioteca\/wp-json\/wp\/v2\/product"}],"about":[{"href":"https:\/\/tavapy.gov.py\/biblioteca\/wp-json\/wp\/v2\/types\/product"}],"replies":[{"embeddable":true,"href":"https:\/\/tavapy.gov.py\/biblioteca\/wp-json\/wp\/v2\/comments?post=7049"}],"wp:featuredmedia":[{"embeddable":true,"href":"https:\/\/tavapy.gov.py\/biblioteca\/wp-json\/wp\/v2\/media\/6992"}],"wp:attachment":[{"href":"https:\/\/tavapy.gov.py\/biblioteca\/wp-json\/wp\/v2\/media?parent=7049"}],"wp:term":[{"taxonomy":"product_cat","embeddable":true,"href":"https:\/\/tavapy.gov.py\/biblioteca\/wp-json\/wp\/v2\/product_cat?post=7049"},{"taxonomy":"product_tag","embeddable":true,"href":"https:\/\/tavapy.gov.py\/biblioteca\/wp-json\/wp\/v2\/product_tag?post=7049"}],"curies":[{"name":"wp","href":"https:\/\/api.w.org\/{rel}","templated":true}]}}