{"id":7099,"date":"2023-02-25T16:14:50","date_gmt":"2023-02-25T16:14:50","guid":{"rendered":"https:\/\/tavapy.gov.py\/biblioteca\/?post_type=product&#038;p=7099"},"modified":"2023-02-25T16:19:15","modified_gmt":"2023-02-25T16:19:15","slug":"la-asertividad-para-gente-extraordinaria","status":"publish","type":"product","link":"https:\/\/tavapy.gov.py\/biblioteca\/product\/la-asertividad-para-gente-extraordinaria\/","title":{"rendered":"LA ASERTIVIDAD: PARA GENTE EXTRAORDINARIA."},"content":{"rendered":"","protected":false},"excerpt":{"rendered":"<p>\u00bfC\u00f3mo circulas por la vida? \u00bfCon asertividad o como un elefante en una cacharrer\u00eda? Asertividad rima con felicidad y no es una mera coincidencia. La asertividad es un poderoso recurso para unas relaciones m\u00e1s positivas y armoniosas con los otros y de ah\u00ed el gran inter\u00e9s que despierta. Nos permite expresar lo que sentimos, lo que pensamos y lo que necesitamos sin agredir ni ser agredidos. Es un concepto que implica, entre otros muchos aspectos, la capacidad de comunicar eficazmente y con empat\u00eda.<\/p>\n<p>Con este libro, publicado en el 2.008, las autoras nos regalan un tratado esencial sobre comunicaci\u00f3n y relaciones humanas. El lector encontrar\u00e1 gran cantidad de ejemplos y situaciones cotidianas que le sonar\u00e1n conocidas, de ideas y soluciones que podr\u00e1 aplicar en su vida personal y laboral. Leerlo le acercar\u00e1 un poco m\u00e1s al arte de la exquisitez personal y a la capacidad de comunicarse de un modo honesto, directo y respetuoso.<\/p>\n<p>La asertividad es un concepto de reciente estudio. Eva Bach y Anna For\u00e9s nos lo desnudan de un modo sencillo, delicado, profundo y cercano, vertiendo en este trabajo toda la experiencia y sensibilidad que atesoran.<\/p>\n<p><a href=\"https:\/\/tavapy.gov.py\/biblioteca\/wp-content\/uploads\/2023\/02\/BachE-La-asertividad.pdf\" target=\"_blank\" rel=\"attachment noopener wp-att-7024\"><img loading=\"lazy\" decoding=\"async\" class=\"size-full wp-image-7024 alignleft\" src=\"https:\/\/tavapy.gov.py\/biblioteca\/wp-content\/uploads\/2023\/02\/icono-PDF-copia-2-2.png\" alt=\"\" width=\"121\" height=\"140\" \/><\/a><\/p>\n","protected":false},"featured_media":7067,"comment_status":"open","ping_status":"closed","template":"","meta":{"spay_email":""},"product_cat":[952],"product_tag":[],"class_list":{"0":"post-7099","1":"product","2":"type-product","3":"status-publish","4":"has-post-thumbnail","6":"book_author-eva-bach","7":"product_cat-psicologia-social-pedagogia","8":"entry"},"_links":{"self":[{"href":"https:\/\/tavapy.gov.py\/biblioteca\/wp-json\/wp\/v2\/product\/7099","targetHints":{"allow":["GET"]}}],"collection":[{"href":"https:\/\/tavapy.gov.py\/biblioteca\/wp-json\/wp\/v2\/product"}],"about":[{"href":"https:\/\/tavapy.gov.py\/biblioteca\/wp-json\/wp\/v2\/types\/product"}],"replies":[{"embeddable":true,"href":"https:\/\/tavapy.gov.py\/biblioteca\/wp-json\/wp\/v2\/comments?post=7099"}],"wp:featuredmedia":[{"embeddable":true,"href":"https:\/\/tavapy.gov.py\/biblioteca\/wp-json\/wp\/v2\/media\/7067"}],"wp:attachment":[{"href":"https:\/\/tavapy.gov.py\/biblioteca\/wp-json\/wp\/v2\/media?parent=7099"}],"wp:term":[{"taxonomy":"product_cat","embeddable":true,"href":"https:\/\/tavapy.gov.py\/biblioteca\/wp-json\/wp\/v2\/product_cat?post=7099"},{"taxonomy":"product_tag","embeddable":true,"href":"https:\/\/tavapy.gov.py\/biblioteca\/wp-json\/wp\/v2\/product_tag?post=7099"}],"curies":[{"name":"wp","href":"https:\/\/api.w.org\/{rel}","templated":true}]}}