{"id":7102,"date":"2023-02-25T17:15:22","date_gmt":"2023-02-25T17:15:22","guid":{"rendered":"https:\/\/tavapy.gov.py\/biblioteca\/?post_type=product&#038;p=7102"},"modified":"2023-02-25T17:15:22","modified_gmt":"2023-02-25T17:15:22","slug":"como-funciona-tu-cerebro-para-dummies","status":"publish","type":"product","link":"https:\/\/tavapy.gov.py\/biblioteca\/product\/como-funciona-tu-cerebro-para-dummies\/","title":{"rendered":"C\u00d3MO FUNCIONA TU CEREBRO PARA DUMMIES."},"content":{"rendered":"","protected":false},"excerpt":{"rendered":"<p>\u00bfC\u00f3mo lo hace el cerebro para aprender y memorizar? \u00bfHasta qu\u00e9 punto somos seres racionales, emocionales o instintivos? \u00bfPor qu\u00e9 tu cerebro es diferente al de tu pareja? \u00bfSi te hicieran un trasplante de cerebro, seguir\u00edas siendo t\u00fa mismo?<\/p>\n<p>La respuesta a estas y muchas otras fascinantes cuestiones la encontrar\u00e1s en esta obra publicada en el 2.013, que te presenta de forma muy ordenada y clara las aportaciones m\u00e1s importantes que han hecho las distintas ciencias que estudian el cerebro, para que puedas sacarle el m\u00e1ximo rendimiento a ese maravilloso \u00f3rgano que tienes dentro de la cabeza.<\/p>\n<ul>\n<li>Un complejo sistema \u2014 hemisferio derecho e izquierdo, los tres cerebros del hombre, el cableado neuronal y el procesamiento de la informaci\u00f3n.<\/li>\n<li>Tu cerebro te necesita \u2014 descubrir\u00e1s cu\u00e1les son los h\u00e1bitos que debes cambiar para tener una mente \u00e1gil y sana.<\/li>\n<li>En el equilibro est\u00e1 la virtud \u2014 intelecto y emoci\u00f3n, raz\u00f3n e instinto libran verdaderas batallas dentro de tu cerebro.<\/li>\n<li>Aprender y memorizar \u2014 los distintos tipos de aprendizaje y por qu\u00e9 a veces no podemos recordar las cosas.<\/li>\n<\/ul>\n<p><a href=\"https:\/\/tavapy.gov.py\/biblioteca\/wp-content\/uploads\/2023\/02\/BraidotN-Como-funciona-tu-cerebro-para-Dummies.pdf\" target=\"_blank\" rel=\"attachment noopener wp-att-7024\"><img loading=\"lazy\" decoding=\"async\" class=\"size-full wp-image-7024 alignleft\" src=\"https:\/\/tavapy.gov.py\/biblioteca\/wp-content\/uploads\/2023\/02\/icono-PDF-copia-2-2.png\" alt=\"\" width=\"121\" height=\"140\" \/><\/a><\/p>\n","protected":false},"featured_media":7075,"comment_status":"open","ping_status":"closed","template":"","meta":{"spay_email":""},"product_cat":[197],"product_tag":[],"class_list":{"0":"post-7102","1":"product","2":"type-product","3":"status-publish","4":"has-post-thumbnail","6":"book_author-nestor-braidot","7":"product_cat-autoayuda-neurociencia","8":"entry"},"_links":{"self":[{"href":"https:\/\/tavapy.gov.py\/biblioteca\/wp-json\/wp\/v2\/product\/7102","targetHints":{"allow":["GET"]}}],"collection":[{"href":"https:\/\/tavapy.gov.py\/biblioteca\/wp-json\/wp\/v2\/product"}],"about":[{"href":"https:\/\/tavapy.gov.py\/biblioteca\/wp-json\/wp\/v2\/types\/product"}],"replies":[{"embeddable":true,"href":"https:\/\/tavapy.gov.py\/biblioteca\/wp-json\/wp\/v2\/comments?post=7102"}],"wp:featuredmedia":[{"embeddable":true,"href":"https:\/\/tavapy.gov.py\/biblioteca\/wp-json\/wp\/v2\/media\/7075"}],"wp:attachment":[{"href":"https:\/\/tavapy.gov.py\/biblioteca\/wp-json\/wp\/v2\/media?parent=7102"}],"wp:term":[{"taxonomy":"product_cat","embeddable":true,"href":"https:\/\/tavapy.gov.py\/biblioteca\/wp-json\/wp\/v2\/product_cat?post=7102"},{"taxonomy":"product_tag","embeddable":true,"href":"https:\/\/tavapy.gov.py\/biblioteca\/wp-json\/wp\/v2\/product_tag?post=7102"}],"curies":[{"name":"wp","href":"https:\/\/api.w.org\/{rel}","templated":true}]}}