{"id":7155,"date":"2023-02-26T14:18:09","date_gmt":"2023-02-26T14:18:09","guid":{"rendered":"https:\/\/tavapy.gov.py\/biblioteca\/?post_type=product&#038;p=7155"},"modified":"2023-02-26T14:18:09","modified_gmt":"2023-02-26T14:18:09","slug":"psicologia-del-aprendizaje","status":"publish","type":"product","link":"https:\/\/tavapy.gov.py\/biblioteca\/product\/psicologia-del-aprendizaje\/","title":{"rendered":"PSICOLOG\u00cdA DEL APRENDIZAJE."},"content":{"rendered":"","protected":false},"excerpt":{"rendered":"<p>Esta obra publicada originalmente en el 1.970 es accesible a cualquier persona de nivel cultural preuniversitario, expone los hechos, m\u00e9todos, teor\u00edas y aplicaciones m\u00e1s importantes y recientes acerca del aprendizaje. Los investigadores encontrar\u00e1n especiamente instructivos los cap\u00edtulos -correspondientes a los m\u00e1s novedosos estudios- sobre aprendizaje visceral y glandular, fundamentos bioqu\u00edmicos y modelos matem\u00e1ticos del aprendizaje.<\/p>\n<p>Todos los interesados en la educaci\u00f3n &#8211; \u00bfy qui\u00e9n puede no estarlo en alguna medida? &#8211; obtendr\u00e1n \u00fatiles indicaciones y sugerentes reflexiones en los cap\u00edtulos consagrados a la motivaci\u00f3n, el castigo y la educaci\u00f3n. El libro ha sido escrito pensando tambi\u00e9n en este amplio c\u00edrculo de lectores, pero est\u00e1 en primer lugar dedicado a los estudiantes de psicolog\u00eda, a los que nuestro mundo, cada vez m\u00e1s complejo, exigente e inseguro, conf\u00eda esperanzadamente una gran parte de la tarea de explicar y dirigir racionalmente la conducta humana.<\/p>\n<p><a href=\"https:\/\/tavapy.gov.py\/biblioteca\/wp-content\/uploads\/2023\/02\/Ardila-R.-Psicologia-del-aprendizaje.pdf\" target=\"_blank\" rel=\"attachment noopener wp-att-7024\"><img loading=\"lazy\" decoding=\"async\" class=\"size-full wp-image-7024 alignleft\" src=\"https:\/\/tavapy.gov.py\/biblioteca\/wp-content\/uploads\/2023\/02\/icono-PDF-copia-2-2.png\" alt=\"\" width=\"121\" height=\"140\" \/><\/a><\/p>\n","protected":false},"featured_media":7118,"comment_status":"open","ping_status":"closed","template":"","meta":{"spay_email":""},"product_cat":[196],"product_tag":[],"class_list":{"0":"post-7155","1":"product","2":"type-product","3":"status-publish","4":"has-post-thumbnail","6":"book_author-ruben-ardila","7":"product_cat-psicologia-educacion","8":"entry"},"_links":{"self":[{"href":"https:\/\/tavapy.gov.py\/biblioteca\/wp-json\/wp\/v2\/product\/7155","targetHints":{"allow":["GET"]}}],"collection":[{"href":"https:\/\/tavapy.gov.py\/biblioteca\/wp-json\/wp\/v2\/product"}],"about":[{"href":"https:\/\/tavapy.gov.py\/biblioteca\/wp-json\/wp\/v2\/types\/product"}],"replies":[{"embeddable":true,"href":"https:\/\/tavapy.gov.py\/biblioteca\/wp-json\/wp\/v2\/comments?post=7155"}],"wp:featuredmedia":[{"embeddable":true,"href":"https:\/\/tavapy.gov.py\/biblioteca\/wp-json\/wp\/v2\/media\/7118"}],"wp:attachment":[{"href":"https:\/\/tavapy.gov.py\/biblioteca\/wp-json\/wp\/v2\/media?parent=7155"}],"wp:term":[{"taxonomy":"product_cat","embeddable":true,"href":"https:\/\/tavapy.gov.py\/biblioteca\/wp-json\/wp\/v2\/product_cat?post=7155"},{"taxonomy":"product_tag","embeddable":true,"href":"https:\/\/tavapy.gov.py\/biblioteca\/wp-json\/wp\/v2\/product_tag?post=7155"}],"curies":[{"name":"wp","href":"https:\/\/api.w.org\/{rel}","templated":true}]}}