{"id":7217,"date":"2023-02-26T23:25:02","date_gmt":"2023-02-26T23:25:02","guid":{"rendered":"https:\/\/tavapy.gov.py\/biblioteca\/?post_type=product&#038;p=7217"},"modified":"2023-02-26T23:25:03","modified_gmt":"2023-02-26T23:25:03","slug":"el-liderazgo-centrado-en-principios","status":"publish","type":"product","link":"https:\/\/tavapy.gov.py\/biblioteca\/product\/el-liderazgo-centrado-en-principios\/","title":{"rendered":"EL LIDERAZGO CENTRADO EN PRINCIPIOS."},"content":{"rendered":"","protected":false},"excerpt":{"rendered":"<p>Seg\u00fan el propio autor de este libro, el aclamado Stephen R. Covey, la gente ineficaz trata de administrar su tiempo bas\u00e1ndose en prioridades, mientras que la gente eficaz organiza su vida y sus relaciones bas\u00e1ndose en principios, es decir, en leyes naturales y normas que tienen validez universal.<\/p>\n<p>El liderazgo es la habilidad de aplicar estos principios a los problemas, lo que se traduce en calidad, productividad y relaciones fruct\u00edferas para todos. As\u00ed, en esta obra -que promete guiarnos hacia la realizaci\u00f3n personal y el \u00e9xito profesional a trav\u00e9s del\u00bbliderazgo centrado en principios\u00bb-, el autor del best-seller Los siete habitos de la gente altamente efectiva invita a los lectores a centrar su vida y su liderazgo en principios intemporales.<\/p>\n<p>Y para ello, demuestra que ninguna persona u organizaci\u00f3n puede sentirse satisfecha s\u00f3lo con mantenerse en el punto al que ha llegado, es decir que las metas de excelencia y calidad total expresan una necesidad innata del ser humano de progresar en el terreno personal, interpersonal y laboral. Bas\u00e1ndose en sus veinticinco a\u00f1os de experiencia como docente y asesor, Covey explica cu\u00e1les son las seis condiciones de la eficacia y los m\u00e9todos para lograr la excelencia en una organizaci\u00f3n.<\/p>\n<p>En este sentido, afirma por ejemplo que no hay nada que tienda tanto al fracaso como el propio \u00e9xito, y que es necesario comprender las posibilidades de la gente y no \u00fanicamente su conducta. Con la integridad, sensibilidad e intuiciones que hicieron de Los siete habitos de la gente altamente efectiva un extraordinario \u00e9xito de ventas, El liderazgo centrado en principios demuestra que el aprendizaje permanente es lo \u00fanico capaz de fortalecer las relaciones humanas tanto en el trabajo como en el hogar.<\/p>\n<p>La obra El liderazgo centrado en principios de Stephen Covey fue publicada en 1.989.<\/p>\n<p><a href=\"https:\/\/tavapy.gov.py\/biblioteca\/wp-content\/uploads\/2023\/02\/CoveyS-El-liderazgo-centrado-en-principios.pdf\" target=\"_blank\" rel=\"attachment noopener wp-att-7024\"><img loading=\"lazy\" decoding=\"async\" class=\"size-full wp-image-7024 alignleft\" src=\"https:\/\/tavapy.gov.py\/biblioteca\/wp-content\/uploads\/2023\/02\/icono-PDF-copia-2-2.png\" alt=\"\" width=\"121\" height=\"140\" \/><\/a><\/p>\n","protected":false},"featured_media":7180,"comment_status":"open","ping_status":"closed","template":"","meta":{"spay_email":""},"product_cat":[975],"product_tag":[],"class_list":{"0":"post-7217","1":"product","2":"type-product","3":"status-publish","4":"has-post-thumbnail","6":"book_author-stephen-covey","7":"product_cat-autoayuda-liderazgo-superacion-personal","8":"entry"},"_links":{"self":[{"href":"https:\/\/tavapy.gov.py\/biblioteca\/wp-json\/wp\/v2\/product\/7217","targetHints":{"allow":["GET"]}}],"collection":[{"href":"https:\/\/tavapy.gov.py\/biblioteca\/wp-json\/wp\/v2\/product"}],"about":[{"href":"https:\/\/tavapy.gov.py\/biblioteca\/wp-json\/wp\/v2\/types\/product"}],"replies":[{"embeddable":true,"href":"https:\/\/tavapy.gov.py\/biblioteca\/wp-json\/wp\/v2\/comments?post=7217"}],"wp:featuredmedia":[{"embeddable":true,"href":"https:\/\/tavapy.gov.py\/biblioteca\/wp-json\/wp\/v2\/media\/7180"}],"wp:attachment":[{"href":"https:\/\/tavapy.gov.py\/biblioteca\/wp-json\/wp\/v2\/media?parent=7217"}],"wp:term":[{"taxonomy":"product_cat","embeddable":true,"href":"https:\/\/tavapy.gov.py\/biblioteca\/wp-json\/wp\/v2\/product_cat?post=7217"},{"taxonomy":"product_tag","embeddable":true,"href":"https:\/\/tavapy.gov.py\/biblioteca\/wp-json\/wp\/v2\/product_tag?post=7217"}],"curies":[{"name":"wp","href":"https:\/\/api.w.org\/{rel}","templated":true}]}}