{"id":7220,"date":"2023-02-26T23:47:09","date_gmt":"2023-02-26T23:47:09","guid":{"rendered":"https:\/\/tavapy.gov.py\/biblioteca\/?post_type=product&#038;p=7220"},"modified":"2023-02-26T23:47:10","modified_gmt":"2023-02-26T23:47:10","slug":"la-conciencia-en-el-cerebro-descifrando-el-enigma-de-como-el-cerebro-elabora-nuestros-pensamientos","status":"publish","type":"product","link":"https:\/\/tavapy.gov.py\/biblioteca\/product\/la-conciencia-en-el-cerebro-descifrando-el-enigma-de-como-el-cerebro-elabora-nuestros-pensamientos\/","title":{"rendered":"LA CONCIENCIA EN EL CEREBRO. DESCIFRANDO EL ENIGMA DE C\u00d3MO EL CEREBRO ELABORA NUESTROS PENSAMIENTOS."},"content":{"rendered":"","protected":false},"excerpt":{"rendered":"<p>\u00bfC\u00f3mo pienso? \u00bfQu\u00e9 este \u00abyo\u00bb que parece el hacedor de ese pensamiento? \u00bfYo ser\u00eda distinto si hubiera nacido en una \u00e9poca diferente, en otro lugar o en otro cuerpo? \u00bfAd\u00f3nde voy cuando me duermo, cuando sue\u00f1o, cuando muero? \u00bfTodo eso se origina en mi cerebro? Estas preguntas acuciaron a sabios y legos de todas las \u00e9pocas. Pero hasta hace apenas dos o tres d\u00e9cadas, la ciencia no se atrev\u00eda a enfrentarlas. Hoy en d\u00eda, gracias al avance de las t\u00e9cnicas que permiten obtener im\u00e1genes del cerebro en funcionamiento, el problema de la conciencia entr\u00f3 a los laboratorios y est\u00e1 a la vanguardia de la investigaci\u00f3n experimental. Este libro cuenta c\u00f3mo cambiaron las cosas y c\u00f3mo la neurociencia comienza a abordar grandes desaf\u00edos.<\/p>\n<p>El reconocido neurocient\u00edfico Stanislas Dehaene nos gu\u00eda por los descubrimientos que develan el c\u00f3digo de nuestro pensamiento y tambi\u00e9n por \u00abel lado oscuro\u00bb de la conciencia, un c\u00famulo gigantesco de actividad inconsciente que tiene consecuencias en nuestra conducta sin que nos enteremos siquiera.<\/p>\n<p>Al detectar las marcas de la conciencia, examina tambi\u00e9n en qu\u00e9 medida esas huellas est\u00e1n presentes en experiencias como los sue\u00f1os, el estado vegetativo, el coma, la recuperaci\u00f3n de un ACV o la esquizofrenia. Pero la contribuci\u00f3n fundamental presente en estas p\u00e1ginas es la teor\u00eda del espacio de trabajo global, que permite dar cuenta de c\u00f3mo el cerebro procesa nuestro entorno y genera informaci\u00f3n que podemos usar con flexibilidad, comunicar a otros y recordar.<\/p>\n<p>Lleno de historias y experimentos, La conciencia en el cerebro, obra publicada en el 2.014, es la explicaci\u00f3n m\u00e1s completa y sofisticada con que contamos hasta el momento sobre las bases neurales de la experiencia consciente, esa que define qui\u00e9nes somos o creemos ser. Dehaene, autor de estilo exquisito, propone una emocionante traves\u00eda por la materia de nuestro terrenal pero descomunalmente poderoso cerebro en busca de la mente, esa experiencia ilimitada con que construimos las comarcas de la imaginaci\u00f3n y la memoria.<\/p>\n<p><a href=\"https:\/\/tavapy.gov.py\/biblioteca\/wp-content\/uploads\/2023\/02\/DahaeneS-La-conciencia-en-el-cerebro.pdf\" target=\"_blank\" rel=\"attachment noopener wp-att-7024\"><img loading=\"lazy\" decoding=\"async\" class=\"size-full wp-image-7024 alignleft\" src=\"https:\/\/tavapy.gov.py\/biblioteca\/wp-content\/uploads\/2023\/02\/icono-PDF-copia-2-2.png\" alt=\"\" width=\"121\" height=\"140\" \/><\/a><\/p>\n","protected":false},"featured_media":7187,"comment_status":"open","ping_status":"closed","template":"","meta":{"spay_email":""},"product_cat":[129],"product_tag":[],"class_list":{"0":"post-7220","1":"product","2":"type-product","3":"status-publish","4":"has-post-thumbnail","6":"book_author-stanislas-dehaene","7":"product_cat-neurociencia","8":"entry"},"_links":{"self":[{"href":"https:\/\/tavapy.gov.py\/biblioteca\/wp-json\/wp\/v2\/product\/7220","targetHints":{"allow":["GET"]}}],"collection":[{"href":"https:\/\/tavapy.gov.py\/biblioteca\/wp-json\/wp\/v2\/product"}],"about":[{"href":"https:\/\/tavapy.gov.py\/biblioteca\/wp-json\/wp\/v2\/types\/product"}],"replies":[{"embeddable":true,"href":"https:\/\/tavapy.gov.py\/biblioteca\/wp-json\/wp\/v2\/comments?post=7220"}],"wp:featuredmedia":[{"embeddable":true,"href":"https:\/\/tavapy.gov.py\/biblioteca\/wp-json\/wp\/v2\/media\/7187"}],"wp:attachment":[{"href":"https:\/\/tavapy.gov.py\/biblioteca\/wp-json\/wp\/v2\/media?parent=7220"}],"wp:term":[{"taxonomy":"product_cat","embeddable":true,"href":"https:\/\/tavapy.gov.py\/biblioteca\/wp-json\/wp\/v2\/product_cat?post=7220"},{"taxonomy":"product_tag","embeddable":true,"href":"https:\/\/tavapy.gov.py\/biblioteca\/wp-json\/wp\/v2\/product_tag?post=7220"}],"curies":[{"name":"wp","href":"https:\/\/api.w.org\/{rel}","templated":true}]}}