{"id":7273,"date":"2023-02-28T00:38:06","date_gmt":"2023-02-28T00:38:06","guid":{"rendered":"https:\/\/tavapy.gov.py\/biblioteca\/?post_type=product&#038;p=7273"},"modified":"2023-02-28T00:38:06","modified_gmt":"2023-02-28T00:38:06","slug":"amor-2-0-una-nueva-mirada-a-la-emocion-que-determina-lo-que-sentimos-pensamos-hacemos-y-somos","status":"publish","type":"product","link":"https:\/\/tavapy.gov.py\/biblioteca\/product\/amor-2-0-una-nueva-mirada-a-la-emocion-que-determina-lo-que-sentimos-pensamos-hacemos-y-somos\/","title":{"rendered":"AMOR 2.0: UNA NUEVA MIRADA A LA EMOCI\u00d3N QUE DETERMINA LO QUE SENTIMOS, PENSAMOS, HACEMOS Y SOMOS."},"content":{"rendered":"","protected":false},"excerpt":{"rendered":"<p>Todos hemos escuchado la expresi\u00f3n \u201cel poder del amor\u201d. Sin embargo, en este libro publicado en el 2.015, Barbara Fredrickson le da un nuevo y m\u00e1s profundo significado a estas palabras.<\/p>\n<p>Para la autora, el amor es la clave para mejorar la salud mental y f\u00edsica, as\u00ed como para alargar nuestra vida. Ello se desprende de sus investigaciones cl\u00ednicas, las cuales muestran que el amor (entendido no como ese sentimiento arrebatado de ra\u00edz rom\u00e1ntica, sino como los \u201cmomentos de conexi\u00f3n significativa entre las personas\u201d) es capaz de producir resultados sorprendentes sobre nuestro cuerpo y nuestra psique.<\/p>\n<p><a href=\"https:\/\/tavapy.gov.py\/biblioteca\/wp-content\/uploads\/2023\/02\/FredricksonB-Amor-2.0.pdf\" target=\"_blank\" rel=\"attachment noopener wp-att-7271\"><img loading=\"lazy\" decoding=\"async\" class=\"size-full wp-image-7271 alignleft\" src=\"https:\/\/tavapy.gov.py\/biblioteca\/wp-content\/uploads\/2023\/02\/icono-PDF-copia-2-3.png\" alt=\"\" width=\"121\" height=\"140\" \/><\/a><\/p>\n","protected":false},"featured_media":7236,"comment_status":"open","ping_status":"closed","template":"","meta":{"spay_email":""},"product_cat":[67],"product_tag":[],"class_list":{"0":"post-7273","1":"product","2":"type-product","3":"status-publish","4":"has-post-thumbnail","6":"book_author-barbara-fredrickson","7":"product_cat-psicologia","8":"entry"},"_links":{"self":[{"href":"https:\/\/tavapy.gov.py\/biblioteca\/wp-json\/wp\/v2\/product\/7273","targetHints":{"allow":["GET"]}}],"collection":[{"href":"https:\/\/tavapy.gov.py\/biblioteca\/wp-json\/wp\/v2\/product"}],"about":[{"href":"https:\/\/tavapy.gov.py\/biblioteca\/wp-json\/wp\/v2\/types\/product"}],"replies":[{"embeddable":true,"href":"https:\/\/tavapy.gov.py\/biblioteca\/wp-json\/wp\/v2\/comments?post=7273"}],"wp:featuredmedia":[{"embeddable":true,"href":"https:\/\/tavapy.gov.py\/biblioteca\/wp-json\/wp\/v2\/media\/7236"}],"wp:attachment":[{"href":"https:\/\/tavapy.gov.py\/biblioteca\/wp-json\/wp\/v2\/media?parent=7273"}],"wp:term":[{"taxonomy":"product_cat","embeddable":true,"href":"https:\/\/tavapy.gov.py\/biblioteca\/wp-json\/wp\/v2\/product_cat?post=7273"},{"taxonomy":"product_tag","embeddable":true,"href":"https:\/\/tavapy.gov.py\/biblioteca\/wp-json\/wp\/v2\/product_tag?post=7273"}],"curies":[{"name":"wp","href":"https:\/\/api.w.org\/{rel}","templated":true}]}}