{"id":7279,"date":"2023-02-28T02:26:59","date_gmt":"2023-02-28T02:26:59","guid":{"rendered":"https:\/\/tavapy.gov.py\/biblioteca\/?post_type=product&#038;p=7279"},"modified":"2023-02-28T02:27:00","modified_gmt":"2023-02-28T02:27:00","slug":"el-momento-clave-las-pequenas-cosas-que-producen-grandes-cambios","status":"publish","type":"product","link":"https:\/\/tavapy.gov.py\/biblioteca\/product\/el-momento-clave-las-pequenas-cosas-que-producen-grandes-cambios\/","title":{"rendered":"EL MOMENTO CLAVE: LAS PEQUE\u00d1AS COSAS QUE PRODUCEN GRANDES CAMBIOS."},"content":{"rendered":"","protected":false},"excerpt":{"rendered":"<p>\u00bfC\u00f3mo surgen las epidemias, las modas, los \u00e9xitos de venta, el fen\u00f3meno de boca a boca o cualquiera de esos peque\u00f1os cambios que sacuden nuestra vida cotidiana al provocar grandes efectos?<\/p>\n<p>En esta obra revolucionaria que ocupa desde hace a\u00f1os los primeros puestos en las listas de ventas de Estados Unidos, Gladwell, un aut\u00e9ntico gur\u00fa de los negocios, analiza la trayectoria de varios productos y tendencias de gran \u00e9xito hasta descubrir c\u00f3mo y por qu\u00e9 se alcanza el punto de inflexi\u00f3n a partir del cual algo se convierte en un fen\u00f3meno de masas: el momento clave.<\/p>\n<p>Gladwell nos presenta a personas responsables de difundir nuevas ideas y tendencias y examina la moda, los programas infantiles de televisi\u00f3n, la conducta de los fumadores y hasta la publicidad directa, con el fin de dilucidar el proceso del contagio de ideas.<\/p>\n<p>\u00abLa mejor forma de entender los cambios misteriosos que jalonan nuestra vida cotidiana (ya sea la aparici\u00f3n de una tendencia en la moda, el retroceso de las oleadas de cr\u00edmenes, la transformaci\u00f3n de un libro desconocido en un \u00e9xito de ventas, el aumento del consumo de tabaco entre los adolescentes, o el fen\u00f3meno del boca a oreja) es tratarlos como puras epidemias. Las ideas, los productos, los mensajes y las conductas se extienden entre nosotros igual que los virus\u00bb.<\/p>\n<p>La obra El momento clave: las peque\u00f1as cosas que producen grandes cambios de Malcom Gladwell fue publicada en el 2.000.<\/p>\n<p><a href=\"https:\/\/tavapy.gov.py\/biblioteca\/wp-content\/uploads\/2023\/02\/GladwellM-El-Momento-Clave.pdf\" target=\"_blank\" rel=\"attachment noopener wp-att-7271\"><img loading=\"lazy\" decoding=\"async\" class=\"size-full wp-image-7271 alignleft\" src=\"https:\/\/tavapy.gov.py\/biblioteca\/wp-content\/uploads\/2023\/02\/icono-PDF-copia-2-3.png\" alt=\"\" width=\"121\" height=\"140\" \/><\/a><\/p>\n","protected":false},"featured_media":7253,"comment_status":"open","ping_status":"closed","template":"","meta":{"spay_email":""},"product_cat":[994],"product_tag":[],"class_list":{"0":"post-7279","1":"product","2":"type-product","3":"status-publish","4":"has-post-thumbnail","6":"book_author-malcolm-gladwell","7":"product_cat-autoayuda-crecimiento-personal-espiritualidad","8":"entry"},"_links":{"self":[{"href":"https:\/\/tavapy.gov.py\/biblioteca\/wp-json\/wp\/v2\/product\/7279","targetHints":{"allow":["GET"]}}],"collection":[{"href":"https:\/\/tavapy.gov.py\/biblioteca\/wp-json\/wp\/v2\/product"}],"about":[{"href":"https:\/\/tavapy.gov.py\/biblioteca\/wp-json\/wp\/v2\/types\/product"}],"replies":[{"embeddable":true,"href":"https:\/\/tavapy.gov.py\/biblioteca\/wp-json\/wp\/v2\/comments?post=7279"}],"wp:featuredmedia":[{"embeddable":true,"href":"https:\/\/tavapy.gov.py\/biblioteca\/wp-json\/wp\/v2\/media\/7253"}],"wp:attachment":[{"href":"https:\/\/tavapy.gov.py\/biblioteca\/wp-json\/wp\/v2\/media?parent=7279"}],"wp:term":[{"taxonomy":"product_cat","embeddable":true,"href":"https:\/\/tavapy.gov.py\/biblioteca\/wp-json\/wp\/v2\/product_cat?post=7279"},{"taxonomy":"product_tag","embeddable":true,"href":"https:\/\/tavapy.gov.py\/biblioteca\/wp-json\/wp\/v2\/product_tag?post=7279"}],"curies":[{"name":"wp","href":"https:\/\/api.w.org\/{rel}","templated":true}]}}