{"id":7280,"date":"2023-02-28T02:32:37","date_gmt":"2023-02-28T02:32:37","guid":{"rendered":"https:\/\/tavapy.gov.py\/biblioteca\/?post_type=product&#038;p=7280"},"modified":"2023-02-28T02:32:38","modified_gmt":"2023-02-28T02:32:38","slug":"fuera-de-serie-por-que-unas-personas-tienen-exito-y-otras-no","status":"publish","type":"product","link":"https:\/\/tavapy.gov.py\/biblioteca\/product\/fuera-de-serie-por-que-unas-personas-tienen-exito-y-otras-no\/","title":{"rendered":"FUERA DE SERIE: POR QU\u00c9 UNAS PERSONAS TIENEN \u00c9XITO Y OTRAS NO."},"content":{"rendered":"","protected":false},"excerpt":{"rendered":"<p>\u00bfQu\u00e9 diferenciaa quienes hacen algo especial en la vida de quienes no lo hacen? Fuera de serie explora las curiosas historias de los grandes jugadores de f\u00fatbol; bucea en la peculiar infancia de Bill Gates; busca qu\u00e9 convirti\u00f3 a los Beatles en el mejor grupo de rock; y se pregunta qu\u00e9 distingue a los pilotos que estrellan aviones de los que no.<\/p>\n<p>A trav\u00e9s de su viaje por el mundo de los \u00abfuera de serie\u00bb, los mejores, los m\u00e1s brillantes y famosos, nos convence de que nuestro modo de pensar en el \u00e9xito es err\u00f3neo.<\/p>\n<p>Prestamos demasiada atenci\u00f3n al aspecto de estas personas, y muy poca al lugar de donde vienen, es decir, a su cultura, su familia, su generaci\u00f3n y a las singularidades de su educaci\u00f3n. Brillante y entretenido, Fuera de serie es toda una referencia que al mismo tiempo iluminar\u00e1 y har\u00e1 disfrutar.<\/p>\n<p>La obra Fuera de serie: por qu\u00e9 unas personas tienen \u00e9xito y otras no fue publicada en el 2.008.<\/p>\n<p><a href=\"https:\/\/tavapy.gov.py\/biblioteca\/wp-content\/uploads\/2023\/02\/GladwellM-Los-fuera-de-serie.pdf\" target=\"_blank\" rel=\"attachment noopener wp-att-7271\"><img loading=\"lazy\" decoding=\"async\" class=\"size-full wp-image-7271 alignleft\" src=\"https:\/\/tavapy.gov.py\/biblioteca\/wp-content\/uploads\/2023\/02\/icono-PDF-copia-2-3.png\" alt=\"\" width=\"121\" height=\"140\" \/><\/a><\/p>\n","protected":false},"featured_media":7255,"comment_status":"open","ping_status":"closed","template":"","meta":{"spay_email":""},"product_cat":[994],"product_tag":[],"class_list":{"0":"post-7280","1":"product","2":"type-product","3":"status-publish","4":"has-post-thumbnail","6":"book_author-malcolm-gladwell","7":"product_cat-autoayuda-crecimiento-personal-espiritualidad","8":"entry"},"_links":{"self":[{"href":"https:\/\/tavapy.gov.py\/biblioteca\/wp-json\/wp\/v2\/product\/7280","targetHints":{"allow":["GET"]}}],"collection":[{"href":"https:\/\/tavapy.gov.py\/biblioteca\/wp-json\/wp\/v2\/product"}],"about":[{"href":"https:\/\/tavapy.gov.py\/biblioteca\/wp-json\/wp\/v2\/types\/product"}],"replies":[{"embeddable":true,"href":"https:\/\/tavapy.gov.py\/biblioteca\/wp-json\/wp\/v2\/comments?post=7280"}],"wp:featuredmedia":[{"embeddable":true,"href":"https:\/\/tavapy.gov.py\/biblioteca\/wp-json\/wp\/v2\/media\/7255"}],"wp:attachment":[{"href":"https:\/\/tavapy.gov.py\/biblioteca\/wp-json\/wp\/v2\/media?parent=7280"}],"wp:term":[{"taxonomy":"product_cat","embeddable":true,"href":"https:\/\/tavapy.gov.py\/biblioteca\/wp-json\/wp\/v2\/product_cat?post=7280"},{"taxonomy":"product_tag","embeddable":true,"href":"https:\/\/tavapy.gov.py\/biblioteca\/wp-json\/wp\/v2\/product_tag?post=7280"}],"curies":[{"name":"wp","href":"https:\/\/api.w.org\/{rel}","templated":true}]}}