{"id":7294,"date":"2023-02-28T15:34:05","date_gmt":"2023-02-28T15:34:05","guid":{"rendered":"https:\/\/tavapy.gov.py\/biblioteca\/?post_type=product&#038;p=7294"},"modified":"2025-11-13T16:00:43","modified_gmt":"2025-11-13T16:00:43","slug":"familia-y-escuela-escuela-y-familia-guia-para-que-padres-y-docentes-nos-entendamos","status":"publish","type":"product","link":"https:\/\/tavapy.gov.py\/biblioteca\/product\/familia-y-escuela-escuela-y-familia-guia-para-que-padres-y-docentes-nos-entendamos\/","title":{"rendered":"FAMILIA Y ESCUELA, ESCUELA Y FAMILIA: GU\u00cdA PARA QUE PADRES Y DOCENTES NOS ENTENDAMOS."},"content":{"rendered":"","protected":false},"excerpt":{"rendered":"<p>Este libro publicado en el 2.014 es una gu\u00eda pensada para ser le\u00edda tanto por madres y padres como por profesores. Es deseo de su autor que sirva para reflexionar de manera conjunta sobre la incomunicaci\u00f3n educativa en la que vivimos en la actualidad y al mismo tiempo ayude a promover lo que el autor ha dado en llamar una alianza educativa entre la familia y la escuela.<\/p>\n<p>\u00d3scar Gonz\u00e1lez da respuesta a todas las dudas y preguntas que se les presentan a los profesores y las familias en cuanto a su forma de relacionarse: \u00bfQu\u00e9 podemos hacer los profesores para mejorar las relaciones con las familias? \u00bfC\u00f3mo podemos aumentar la participaci\u00f3n de las familias en la escuela? \u00bfC\u00f3mo podemos mejorar la comunicaci\u00f3n con la escuela? \u00bfQu\u00e9 podemos hacer para mejorar entre todos la educaci\u00f3n?<\/p>\n<p>Un libro eminentemente pr\u00e1ctico y optimista que no se centra \u00fanicamente en exponer problemas sino que aporta soluciones reales. Unas soluciones que no te van a dejar indiferente y que te ayudar\u00e1n a pasar a la acci\u00f3n. Para mejorar la educaci\u00f3n es necesario pasar a la acci\u00f3n.<\/p>\n<p>En base a su creencia de que la educaci\u00f3n lo es todo, considera de urgente necesidad establecer una alianza entre familia y escuela: la escuela y las familias necesitamos compartir, no competir.<\/p>\n<p><a href=\"https:\/\/tavapy.gov.py\/biblioteca\/wp-content\/uploads\/2023\/02\/GonzalezO-Familia-y-escuela-escuela-y-familia.pdf\" target=\"_blank\" rel=\"attachment noopener wp-att-7271\"><img loading=\"lazy\" decoding=\"async\" class=\"size-full wp-image-7271 alignleft\" src=\"https:\/\/tavapy.gov.py\/biblioteca\/wp-content\/uploads\/2023\/02\/icono-PDF-copia-2-3.png\" alt=\"\" width=\"121\" height=\"140\" \/><\/a><\/p>\n","protected":false},"featured_media":7264,"comment_status":"open","ping_status":"closed","template":"","meta":{"spay_email":""},"product_cat":[962],"product_tag":[],"class_list":{"0":"post-7294","1":"product","2":"type-product","3":"status-publish","4":"has-post-thumbnail","6":"book_author-oscar-gonzalez-vazquez","7":"product_cat-pedagogia-historia-y-filosofia-de-la-educacion","8":"entry"},"_links":{"self":[{"href":"https:\/\/tavapy.gov.py\/biblioteca\/wp-json\/wp\/v2\/product\/7294","targetHints":{"allow":["GET"]}}],"collection":[{"href":"https:\/\/tavapy.gov.py\/biblioteca\/wp-json\/wp\/v2\/product"}],"about":[{"href":"https:\/\/tavapy.gov.py\/biblioteca\/wp-json\/wp\/v2\/types\/product"}],"replies":[{"embeddable":true,"href":"https:\/\/tavapy.gov.py\/biblioteca\/wp-json\/wp\/v2\/comments?post=7294"}],"wp:featuredmedia":[{"embeddable":true,"href":"https:\/\/tavapy.gov.py\/biblioteca\/wp-json\/wp\/v2\/media\/7264"}],"wp:attachment":[{"href":"https:\/\/tavapy.gov.py\/biblioteca\/wp-json\/wp\/v2\/media?parent=7294"}],"wp:term":[{"taxonomy":"product_cat","embeddable":true,"href":"https:\/\/tavapy.gov.py\/biblioteca\/wp-json\/wp\/v2\/product_cat?post=7294"},{"taxonomy":"product_tag","embeddable":true,"href":"https:\/\/tavapy.gov.py\/biblioteca\/wp-json\/wp\/v2\/product_tag?post=7294"}],"curies":[{"name":"wp","href":"https:\/\/api.w.org\/{rel}","templated":true}]}}