{"id":7366,"date":"2023-03-02T16:14:46","date_gmt":"2023-03-02T16:14:46","guid":{"rendered":"https:\/\/tavapy.gov.py\/biblioteca\/?post_type=product&#038;p=7366"},"modified":"2023-03-02T16:21:52","modified_gmt":"2023-03-02T16:21:52","slug":"el-resplandor","status":"publish","type":"product","link":"https:\/\/tavapy.gov.py\/biblioteca\/product\/el-resplandor\/","title":{"rendered":"EL RESPLANDOR."},"content":{"rendered":"","protected":false},"excerpt":{"rendered":"<p>Esa es la palabra que Danny hab\u00eda visto en el espejo. Y, aunque no sab\u00eda leer, entendi\u00f3 que era un mensaje de horror.<\/p>\n<p>Danny ten\u00eda cinco a\u00f1os, y a esa edad pocos ni\u00f1os saben que los espejos invierten las im\u00e1genes y menos a\u00fan saben diferenciar entre realidad y fantas\u00eda. Pero Danny ten\u00eda pruebas de que sus fantas\u00edas relacionadas con el resplandor del espejo acabar\u00edan cumpliendose: REDRUM&#8230; MURDER, asesinato.<\/p>\n<p>Pero su padre necesitaba aquel trabajo en el hotel. Danny sab\u00eda que su madre pensaba en el divorcio y que su padre se obsesionaba con algo muy malo, tan malo como la muerte y el suicidio.<\/p>\n<p>S\u00ed, su padre necesitaba aceptar la propuesta de cuidar de aquel hotel de lujo de m\u00e1s de cien habitaciones, aislado por la nieve durante seis meses. Hasta el deshielo iban a estar solos. \u00bfSolos?&#8230;<\/p>\n<p>La obra El resplandor de Stephen King fue publicada en 1.977.<\/p>\n<p><a href=\"https:\/\/tavapy.gov.py\/biblioteca\/wp-content\/uploads\/2023\/03\/KingS-El-resplandor.pdf\" target=\"_blank\" rel=\"attachment noopener wp-att-7271\"><img loading=\"lazy\" decoding=\"async\" class=\"size-full wp-image-7271 alignleft\" src=\"https:\/\/tavapy.gov.py\/biblioteca\/wp-content\/uploads\/2023\/02\/icono-PDF-copia-2-3.png\" alt=\"\" width=\"121\" height=\"140\" \/><\/a><\/p>\n","protected":false},"featured_media":7330,"comment_status":"open","ping_status":"closed","template":"","meta":{"spay_email":""},"product_cat":[1008],"product_tag":[],"class_list":{"0":"post-7366","1":"product","2":"type-product","3":"status-publish","4":"has-post-thumbnail","6":"book_author-stephen-king","7":"product_cat-novela-de-terror","8":"entry"},"_links":{"self":[{"href":"https:\/\/tavapy.gov.py\/biblioteca\/wp-json\/wp\/v2\/product\/7366","targetHints":{"allow":["GET"]}}],"collection":[{"href":"https:\/\/tavapy.gov.py\/biblioteca\/wp-json\/wp\/v2\/product"}],"about":[{"href":"https:\/\/tavapy.gov.py\/biblioteca\/wp-json\/wp\/v2\/types\/product"}],"replies":[{"embeddable":true,"href":"https:\/\/tavapy.gov.py\/biblioteca\/wp-json\/wp\/v2\/comments?post=7366"}],"wp:featuredmedia":[{"embeddable":true,"href":"https:\/\/tavapy.gov.py\/biblioteca\/wp-json\/wp\/v2\/media\/7330"}],"wp:attachment":[{"href":"https:\/\/tavapy.gov.py\/biblioteca\/wp-json\/wp\/v2\/media?parent=7366"}],"wp:term":[{"taxonomy":"product_cat","embeddable":true,"href":"https:\/\/tavapy.gov.py\/biblioteca\/wp-json\/wp\/v2\/product_cat?post=7366"},{"taxonomy":"product_tag","embeddable":true,"href":"https:\/\/tavapy.gov.py\/biblioteca\/wp-json\/wp\/v2\/product_tag?post=7366"}],"curies":[{"name":"wp","href":"https:\/\/api.w.org\/{rel}","templated":true}]}}