{"id":7368,"date":"2023-03-02T16:41:21","date_gmt":"2023-03-02T16:41:21","guid":{"rendered":"https:\/\/tavapy.gov.py\/biblioteca\/?post_type=product&#038;p=7368"},"modified":"2023-03-02T16:41:22","modified_gmt":"2023-03-02T16:41:22","slug":"sueno-del-fevre","status":"publish","type":"product","link":"https:\/\/tavapy.gov.py\/biblioteca\/product\/sueno-del-fevre\/","title":{"rendered":"SUE\u00d1O DEL FEVRE."},"content":{"rendered":"","protected":false},"excerpt":{"rendered":"<p>En 1857, la cuenca del Misisipi bulle de actividad: los vapores se\u00f1orean sus aguas en feroz competencia. Cuando Joshua York le ofrece sacar a flote su naviera a cambio de unas pocas condiciones, sencillas, aunque misteriosas, el capit\u00e1n Marsh ve realizado su sue\u00f1o: ser el patr\u00f3n del vapor m\u00e1s r\u00e1pido del r\u00edo.<\/p>\n<p>Pero los sue\u00f1os de ambos se ver\u00e1n infiltrados por una pesadilla que anegar\u00e1 de sangre los fondeaderos. Para su segunda novela en solitario, Martin eligi\u00f3 el Misisipi de Mark Twain como escenario hist\u00f3rico de la que ha llegado a consagrarse como una de las novelas de vampiros m\u00e1s celebradas de todos los tiempos.<\/p>\n<p>Una atm\u00f3sfera sobrecogedora construida con maestr\u00eda, la recreaci\u00f3n impecable del marco hist\u00f3rico y un tratamiento del monstruo cercano a la ciencia ficci\u00f3n que remite al mism\u00edsimo Stoker han convertido Sue\u00f1o del Fevre en otra novela de referencia de un escritor tan rotundo como polivalente.<\/p>\n<p><a href=\"https:\/\/tavapy.gov.py\/biblioteca\/wp-content\/uploads\/2023\/03\/MartinG-El-Sueno-del-Fevre.pdf\" target=\"_blank\" rel=\"attachment noopener wp-att-7271\"><img loading=\"lazy\" decoding=\"async\" class=\"size-full wp-image-7271 alignleft\" src=\"https:\/\/tavapy.gov.py\/biblioteca\/wp-content\/uploads\/2023\/02\/icono-PDF-copia-2-3.png\" alt=\"\" width=\"121\" height=\"140\" \/><\/a><\/p>\n","protected":false},"featured_media":7334,"comment_status":"open","ping_status":"closed","template":"","meta":{"spay_email":""},"product_cat":[588],"product_tag":[],"class_list":{"0":"post-7368","1":"product","2":"type-product","3":"status-publish","4":"has-post-thumbnail","6":"book_author-george-r-r-martin","7":"product_cat-novela-fantastica","8":"entry"},"_links":{"self":[{"href":"https:\/\/tavapy.gov.py\/biblioteca\/wp-json\/wp\/v2\/product\/7368","targetHints":{"allow":["GET"]}}],"collection":[{"href":"https:\/\/tavapy.gov.py\/biblioteca\/wp-json\/wp\/v2\/product"}],"about":[{"href":"https:\/\/tavapy.gov.py\/biblioteca\/wp-json\/wp\/v2\/types\/product"}],"replies":[{"embeddable":true,"href":"https:\/\/tavapy.gov.py\/biblioteca\/wp-json\/wp\/v2\/comments?post=7368"}],"wp:featuredmedia":[{"embeddable":true,"href":"https:\/\/tavapy.gov.py\/biblioteca\/wp-json\/wp\/v2\/media\/7334"}],"wp:attachment":[{"href":"https:\/\/tavapy.gov.py\/biblioteca\/wp-json\/wp\/v2\/media?parent=7368"}],"wp:term":[{"taxonomy":"product_cat","embeddable":true,"href":"https:\/\/tavapy.gov.py\/biblioteca\/wp-json\/wp\/v2\/product_cat?post=7368"},{"taxonomy":"product_tag","embeddable":true,"href":"https:\/\/tavapy.gov.py\/biblioteca\/wp-json\/wp\/v2\/product_tag?post=7368"}],"curies":[{"name":"wp","href":"https:\/\/api.w.org\/{rel}","templated":true}]}}