{"id":7370,"date":"2023-03-08T18:21:25","date_gmt":"2023-03-08T18:21:25","guid":{"rendered":"https:\/\/tavapy.gov.py\/biblioteca\/?post_type=product&#038;p=7370"},"modified":"2023-03-08T18:21:25","modified_gmt":"2023-03-08T18:21:25","slug":"el-caballero-de-los-siete-reinos","status":"publish","type":"product","link":"https:\/\/tavapy.gov.py\/biblioteca\/product\/el-caballero-de-los-siete-reinos\/","title":{"rendered":"EL CABALLERO DE LOS SIETE REINOS."},"content":{"rendered":"","protected":false},"excerpt":{"rendered":"<p>Las andanzas de un caballero de Poniente Los tres primeros relatos de Dunk y Egg.<\/p>\n<p>Muchas son las historias que se cuentan sobre Aegon V el Improbable y ser Duncan el Alto, su leal comandante de la Guardia Real. Pero la magia y la \u00e9pica de la leyenda esconden la verdadera naturaleza de los h\u00e9roes: la determinaci\u00f3n de un hu\u00e9rfano del Lecho de Pulgas que lleg\u00f3 a caballero, el arrojo de un pr\u00edncipe que cambi\u00f3 la corte por los caminos y una amistad inquebrantable capaz de vencer intrigas, traiciones&#8230; y revueltas.<\/p>\n<p>Durante los reinados de Daeron II y Aerys I, cuando las heridas de la rebeli\u00f3n de los Fuegoscuro todav\u00eda estaban abiertas, tienen lugar las primeras aventuras de un caballero fornido y bonach\u00f3n y de su escudero, un infante real, fiel y de fuerte temperamento. A medio camino entre la fantas\u00eda heroica y la novela de caballer\u00edas, El caballero de los Siete Reinos narra las peripecias de dos h\u00e9roes bondadosos en una tierra despiadada.<\/p>\n<p>El encuentro de dos h\u00e9roes improbables que se ganaron el coraz\u00f3n de su pueblo. Dunk creci\u00f3 hu\u00e9rfano en los callejones del Lecho de Pulgas y sali\u00f3 adelante gracias a su corpulencia. Vivi\u00f3 en la calle hasta que ser Arlan del \u00c1rbol de la Moneda lo tom\u00f3 a su servicio como escudero.<\/p>\n<p>Con \u00e9l recorri\u00f3 los Siete Reinos y, a pesar de su corto intelecto, aprendi\u00f3 la esencia, que no las muchas artes, de la caballer\u00eda. Justo antes de morir, el viejo ser Arlan lo arma caballero, con la luna y las estrellas como \u00fanicos testigos.<\/p>\n<p>De modo que, con dos caballos y una espada por toda posesi\u00f3n, Dunk el Tocho, ahora ya ser Duncan, f\u00eda a su fuerza ganar alguna justa y embolsarse unas monedas, y sue\u00f1a con llegar a ser un gran caballero. Pero hete aqu\u00ed que un d\u00eda tropieza en el camino con un ni\u00f1o insolente a quien acabar\u00e1 aceptando como escudero&#8230; Y as\u00ed comienza la leyenda.<\/p>\n<p>Con tono ligero y un desarrollo ejemplar, El caballero de los Siete Reinos retoma algunos de los temas centrales de Canci\u00f3n de hielo y fuego, como la lealtad, la justicia y la reflexi\u00f3n sobre el poder, pero desde la perspectiva cotidiana de la gente com\u00fan y de su incidencia en escenarios desprovistos de fasto y oropel.<\/p>\n<p>El autor de esta obra publicada en 1.998, crea dos de sus personajes m\u00e1s entra\u00f1ables y nos presenta una \u00e9poca m\u00edtica y terrible, cuyos conflictos dejar\u00e1n impronta en la historia de los Siete Reinos y acarrear\u00e1n consecuencias en los hechos narrados a partir de Juego de tronos.<\/p>\n<p>Una puerta abierta a Poniente y un delicioso recordatorio de por qu\u00e9 nos cautiva Martin.<\/p>\n<p><a href=\"https:\/\/tavapy.gov.py\/biblioteca\/wp-content\/uploads\/2023\/03\/MartinG-El-caballero-de-los-Siete-Reinos-Gigamesh.pdf\" target=\"_blank\" rel=\"attachment noopener wp-att-7271\"><img loading=\"lazy\" decoding=\"async\" class=\"size-full wp-image-7271 alignleft\" src=\"https:\/\/tavapy.gov.py\/biblioteca\/wp-content\/uploads\/2023\/02\/icono-PDF-copia-2-3.png\" alt=\"\" width=\"121\" height=\"140\" \/><\/a><\/p>\n","protected":false},"featured_media":7337,"comment_status":"open","ping_status":"closed","template":"","meta":{"spay_email":""},"product_cat":[588],"product_tag":[],"class_list":{"0":"post-7370","1":"product","2":"type-product","3":"status-publish","4":"has-post-thumbnail","6":"book_author-george-r-r-martin","7":"product_cat-novela-fantastica","8":"entry"},"_links":{"self":[{"href":"https:\/\/tavapy.gov.py\/biblioteca\/wp-json\/wp\/v2\/product\/7370","targetHints":{"allow":["GET"]}}],"collection":[{"href":"https:\/\/tavapy.gov.py\/biblioteca\/wp-json\/wp\/v2\/product"}],"about":[{"href":"https:\/\/tavapy.gov.py\/biblioteca\/wp-json\/wp\/v2\/types\/product"}],"replies":[{"embeddable":true,"href":"https:\/\/tavapy.gov.py\/biblioteca\/wp-json\/wp\/v2\/comments?post=7370"}],"wp:featuredmedia":[{"embeddable":true,"href":"https:\/\/tavapy.gov.py\/biblioteca\/wp-json\/wp\/v2\/media\/7337"}],"wp:attachment":[{"href":"https:\/\/tavapy.gov.py\/biblioteca\/wp-json\/wp\/v2\/media?parent=7370"}],"wp:term":[{"taxonomy":"product_cat","embeddable":true,"href":"https:\/\/tavapy.gov.py\/biblioteca\/wp-json\/wp\/v2\/product_cat?post=7370"},{"taxonomy":"product_tag","embeddable":true,"href":"https:\/\/tavapy.gov.py\/biblioteca\/wp-json\/wp\/v2\/product_tag?post=7370"}],"curies":[{"name":"wp","href":"https:\/\/api.w.org\/{rel}","templated":true}]}}