{"id":7371,"date":"2023-03-08T18:27:47","date_gmt":"2023-03-08T18:27:47","guid":{"rendered":"https:\/\/tavapy.gov.py\/biblioteca\/?post_type=product&#038;p=7371"},"modified":"2023-03-08T18:27:47","modified_gmt":"2023-03-08T18:27:47","slug":"tormenta-de-espadas-1-cancion-de-hielo-y-fuego-03","status":"publish","type":"product","link":"https:\/\/tavapy.gov.py\/biblioteca\/product\/tormenta-de-espadas-1-cancion-de-hielo-y-fuego-03\/","title":{"rendered":"TORMENTA DE ESPADAS 1 &#8211; CANCI\u00d3N DE HIELO Y FUEGO 03."},"content":{"rendered":"","protected":false},"excerpt":{"rendered":"<p>Canci\u00f3n de hielo y fuego III: \u201cLa espada llameante dej\u00f3 a su paso largas estelas de fuego\u2026 El acero cant\u00f3 contra el acero\u201d.<\/p>\n<p>Arrasados por la guerra, los Siete Reinos pronto sufrir\u00e1n un largu\u00edsimo invierno que se predice excepcionalmente crudo. Mientras la violencia y el clima empeoran, los personajes entra\u00f1ables e infames que ya conocemos contin\u00faan debati\u00e9ndose entre feroces batallas y perversas intrigas palaciegas:<\/p>\n<p>Joffrey, el cruel rey adolescente, sigue haciendo de las suyas ante el azoro de los propios miembros de su clan, los Lannister; Robb Stark, rey de Invernalia, ha ganado todas sus batallas, pero est\u00e1 perdiendo la guerra;<\/p>\n<p>Daenerys, la princesa de los tres dragones, est\u00e1 al frente de un ej\u00e9rcito de mercenarios decidida a cumplir su destino: recuperar el reino del que fue despojada. Pero otra fuerza con la que nadie contaba, los Otros, surge desde m\u00e1s all\u00e1 del Muro de Hielo: un ej\u00e9rcito sobrenatural cuyos cuerpos inertes quiz\u00e1 no puedan ser detenidos.<\/p>\n<p>Mientras el futuro de este mundo cuelga en la balanza, nadie descansar\u00e1 hasta que los Siete Reinos hayan estallado en una aut\u00e9ntica tormenta de espadas.<\/p>\n<p>La obra Canci\u00f3n de hielo y fuego 03: Tormenta de espadas 1 fue publicada en el 2.000.<\/p>\n<p><a href=\"https:\/\/tavapy.gov.py\/biblioteca\/wp-content\/uploads\/2023\/03\/MartinG-Juego-de-Tronos-3-Tormenta-de-espadas.pdf\" target=\"_blank\" rel=\"attachment noopener wp-att-7271\"><img loading=\"lazy\" decoding=\"async\" class=\"size-full wp-image-7271 alignleft\" src=\"https:\/\/tavapy.gov.py\/biblioteca\/wp-content\/uploads\/2023\/02\/icono-PDF-copia-2-3.png\" alt=\"\" width=\"121\" height=\"140\" \/><\/a><\/p>\n","protected":false},"featured_media":7341,"comment_status":"open","ping_status":"closed","template":"","meta":{"spay_email":""},"product_cat":[588],"product_tag":[],"class_list":{"0":"post-7371","1":"product","2":"type-product","3":"status-publish","4":"has-post-thumbnail","6":"book_author-george-r-r-martin","7":"product_cat-novela-fantastica","8":"entry"},"_links":{"self":[{"href":"https:\/\/tavapy.gov.py\/biblioteca\/wp-json\/wp\/v2\/product\/7371","targetHints":{"allow":["GET"]}}],"collection":[{"href":"https:\/\/tavapy.gov.py\/biblioteca\/wp-json\/wp\/v2\/product"}],"about":[{"href":"https:\/\/tavapy.gov.py\/biblioteca\/wp-json\/wp\/v2\/types\/product"}],"replies":[{"embeddable":true,"href":"https:\/\/tavapy.gov.py\/biblioteca\/wp-json\/wp\/v2\/comments?post=7371"}],"wp:featuredmedia":[{"embeddable":true,"href":"https:\/\/tavapy.gov.py\/biblioteca\/wp-json\/wp\/v2\/media\/7341"}],"wp:attachment":[{"href":"https:\/\/tavapy.gov.py\/biblioteca\/wp-json\/wp\/v2\/media?parent=7371"}],"wp:term":[{"taxonomy":"product_cat","embeddable":true,"href":"https:\/\/tavapy.gov.py\/biblioteca\/wp-json\/wp\/v2\/product_cat?post=7371"},{"taxonomy":"product_tag","embeddable":true,"href":"https:\/\/tavapy.gov.py\/biblioteca\/wp-json\/wp\/v2\/product_tag?post=7371"}],"curies":[{"name":"wp","href":"https:\/\/api.w.org\/{rel}","templated":true}]}}