{"id":7380,"date":"2023-03-09T01:28:59","date_gmt":"2023-03-09T01:28:59","guid":{"rendered":"https:\/\/tavapy.gov.py\/biblioteca\/?post_type=product&#038;p=7380"},"modified":"2023-03-09T01:28:59","modified_gmt":"2023-03-09T01:28:59","slug":"un-corazon-atribulado-autobiografia-literaria-3","status":"publish","type":"product","link":"https:\/\/tavapy.gov.py\/biblioteca\/product\/un-corazon-atribulado-autobiografia-literaria-3\/","title":{"rendered":"UN CORAZ\u00d3N ATRIBULADO. AUTOBIOGRAF\u00cdA LITERARIA \u2013 3."},"content":{"rendered":"","protected":false},"excerpt":{"rendered":"<p>La madurez art\u00edstica de una carrera fraguada en el coraz\u00f3n de un ni\u00f1o peque\u00f1o Con la experiencia adquirida en Hollywood como guionista, la narrativa de George R. R. Martin gan\u00f3 en audiencia y complejidad al tiempo que transgred\u00eda las fronteras del fant\u00e1stico y daba vida a personajes que han arraigado con fuerza en el imaginario del siglo XXI.<\/p>\n<p>Pero siempre con una constante: son personajes vinculados a escenarios muy espec\u00edficos y, ya sean futuristas, fant\u00e1sticos o terror\u00edficos, codifican en s\u00ed mismos sus conflictos internos al tiempo que permean cada aspecto de su car\u00e1cter.<\/p>\n<p>El colof\u00f3n de esta complet\u00edsima recopilaci\u00f3n recoge, para disfrute de lectores antiguos y nuevos, una muestra del trabajo de Martin en la serie Wild Cards, su personal\u00edsima reelaboraci\u00f3n del mito de la licantrop\u00eda en \u201cTr\u00e1fico de piel\u201d, un juego diab\u00f3lico en \u201cLa flor de cristal\u201d, y la novela corta \u201cEl caballero errante\u201d, con las primeras andanzas de Dunk y Egg en los Siete Reinos, a\u00f1os antes del inicio de Juego de tronos.<\/p>\n<p>La obra Un coraz\u00f3n atribulado. Autobiograf\u00eda literaria 3 de George R.R. Martin fue publicada en el 2.015.<\/p>\n<p><a href=\"https:\/\/tavapy.gov.py\/biblioteca\/wp-content\/uploads\/2023\/03\/MartinG-Un-corazon-atribulado.pdf\" target=\"_blank\" rel=\"attachment noopener wp-att-7271\"><img loading=\"lazy\" decoding=\"async\" class=\"size-full wp-image-7271 alignleft\" src=\"https:\/\/tavapy.gov.py\/biblioteca\/wp-content\/uploads\/2023\/02\/icono-PDF-copia-2-3.png\" alt=\"\" width=\"121\" height=\"140\" \/><\/a><\/p>\n","protected":false},"featured_media":7357,"comment_status":"open","ping_status":"closed","template":"","meta":{"spay_email":""},"product_cat":[588],"product_tag":[],"class_list":{"0":"post-7380","1":"product","2":"type-product","3":"status-publish","4":"has-post-thumbnail","6":"book_author-george-r-r-martin","7":"product_cat-novela-fantastica","8":"entry"},"_links":{"self":[{"href":"https:\/\/tavapy.gov.py\/biblioteca\/wp-json\/wp\/v2\/product\/7380","targetHints":{"allow":["GET"]}}],"collection":[{"href":"https:\/\/tavapy.gov.py\/biblioteca\/wp-json\/wp\/v2\/product"}],"about":[{"href":"https:\/\/tavapy.gov.py\/biblioteca\/wp-json\/wp\/v2\/types\/product"}],"replies":[{"embeddable":true,"href":"https:\/\/tavapy.gov.py\/biblioteca\/wp-json\/wp\/v2\/comments?post=7380"}],"wp:featuredmedia":[{"embeddable":true,"href":"https:\/\/tavapy.gov.py\/biblioteca\/wp-json\/wp\/v2\/media\/7357"}],"wp:attachment":[{"href":"https:\/\/tavapy.gov.py\/biblioteca\/wp-json\/wp\/v2\/media?parent=7380"}],"wp:term":[{"taxonomy":"product_cat","embeddable":true,"href":"https:\/\/tavapy.gov.py\/biblioteca\/wp-json\/wp\/v2\/product_cat?post=7380"},{"taxonomy":"product_tag","embeddable":true,"href":"https:\/\/tavapy.gov.py\/biblioteca\/wp-json\/wp\/v2\/product_tag?post=7380"}],"curies":[{"name":"wp","href":"https:\/\/api.w.org\/{rel}","templated":true}]}}