{"id":7425,"date":"2023-03-13T13:26:03","date_gmt":"2023-03-13T13:26:03","guid":{"rendered":"https:\/\/tavapy.gov.py\/biblioteca\/?post_type=product&#038;p=7425"},"modified":"2023-03-13T13:26:04","modified_gmt":"2023-03-13T13:26:04","slug":"obediencia-a-la-autoridad-el-experimento-milgram","status":"publish","type":"product","link":"https:\/\/tavapy.gov.py\/biblioteca\/product\/obediencia-a-la-autoridad-el-experimento-milgram\/","title":{"rendered":"OBEDIENCIA A LA AUTORIDAD. EL EXPERIMENTO MILGRAM."},"content":{"rendered":"","protected":false},"excerpt":{"rendered":"<p>En la d\u00e9cada de 1960, tres meses despu\u00e9s de que Adolf Eichmann fuera sentenciado a muerte en Jerusal\u00e9n por cr\u00edmenes contra la humanidad durante el r\u00e9gimen nazi, el psic\u00f3logo Stanley Milgram llev\u00f3 a cabo una serie de experimentos que cambiaron para siempre nuestra percepci\u00f3n de la moral.<\/p>\n<p>Muy controvertidos en su momento, pero ahora fuertemente reivindicados por la comunidad cient\u00edfica, estos experimentos trataban de determinar si Eichmann y su mill\u00f3n de c\u00f3mplices en el Holocausto solo estaban siguiendo \u00f3rdenes, y hasta qu\u00e9 punto la gente obedece mandatos sin importar sus consecuencias.<\/p>\n<p>Obediencia a la autoridad ayuda a explicar c\u00f3mo la gente com\u00fan puede cometer el m\u00e1s horrible de los cr\u00edmenes, ausent\u00e1ndose su sentido de la responsabilidad, si se encuentra bajo la influencia de una fuerte autoridad.<\/p>\n<p>Milgram resumir\u00eda su investigaci\u00f3n de esta manera: \u00abLos aspectos legales y filos\u00f3ficos de la obediencia son de enorme importancia, pero dicen muy poco sobre c\u00f3mo se comporta la mayor\u00eda de la gente en situaciones concretas.<\/p>\n<p>Mont\u00e9 un simple experimento en la Universidad de Yale para probar cu\u00e1nto dolor infligir\u00eda un ciudadano corriente a otra persona simplemente porque se lo ped\u00edan para un experimento cient\u00edfico. La f\u00e9rrea autoridad se impuso a los imperativos morales de los sujetos\u00bb.<\/p>\n<p>La obra Obediencia a la autoridad. El experimento Milgram fue publicada en 1.974.<\/p>\n<p><a href=\"https:\/\/tavapy.gov.py\/biblioteca\/wp-content\/uploads\/2023\/03\/MilgramS-Obediencia-a-la-autoridad-El-experimento-Milgram.pdf\" target=\"_blank\" rel=\"attachment noopener wp-att-7418\"><img loading=\"lazy\" decoding=\"async\" class=\"size-full wp-image-7418 alignleft\" src=\"https:\/\/tavapy.gov.py\/biblioteca\/wp-content\/uploads\/2023\/03\/icono-PDF-copia-2.png\" alt=\"\" width=\"121\" height=\"140\" \/><\/a><\/p>\n","protected":false},"featured_media":7394,"comment_status":"open","ping_status":"closed","template":"","meta":{"spay_email":""},"product_cat":[93],"product_tag":[],"class_list":{"0":"post-7425","1":"product","2":"type-product","3":"status-publish","4":"has-post-thumbnail","6":"book_author-stanley-milgram","7":"product_cat-psicologia-social","8":"entry"},"_links":{"self":[{"href":"https:\/\/tavapy.gov.py\/biblioteca\/wp-json\/wp\/v2\/product\/7425","targetHints":{"allow":["GET"]}}],"collection":[{"href":"https:\/\/tavapy.gov.py\/biblioteca\/wp-json\/wp\/v2\/product"}],"about":[{"href":"https:\/\/tavapy.gov.py\/biblioteca\/wp-json\/wp\/v2\/types\/product"}],"replies":[{"embeddable":true,"href":"https:\/\/tavapy.gov.py\/biblioteca\/wp-json\/wp\/v2\/comments?post=7425"}],"wp:featuredmedia":[{"embeddable":true,"href":"https:\/\/tavapy.gov.py\/biblioteca\/wp-json\/wp\/v2\/media\/7394"}],"wp:attachment":[{"href":"https:\/\/tavapy.gov.py\/biblioteca\/wp-json\/wp\/v2\/media?parent=7425"}],"wp:term":[{"taxonomy":"product_cat","embeddable":true,"href":"https:\/\/tavapy.gov.py\/biblioteca\/wp-json\/wp\/v2\/product_cat?post=7425"},{"taxonomy":"product_tag","embeddable":true,"href":"https:\/\/tavapy.gov.py\/biblioteca\/wp-json\/wp\/v2\/product_tag?post=7425"}],"curies":[{"name":"wp","href":"https:\/\/api.w.org\/{rel}","templated":true}]}}