{"id":7426,"date":"2023-03-13T13:39:18","date_gmt":"2023-03-13T13:39:18","guid":{"rendered":"https:\/\/tavapy.gov.py\/biblioteca\/?post_type=product&#038;p=7426"},"modified":"2023-03-13T14:53:52","modified_gmt":"2023-03-13T14:53:52","slug":"aprender-con-mapas-mentales-una-estrategia-para-pensar-y-estudiar","status":"publish","type":"product","link":"https:\/\/tavapy.gov.py\/biblioteca\/product\/aprender-con-mapas-mentales-una-estrategia-para-pensar-y-estudiar\/","title":{"rendered":"APRENDER CON MAPAS MENTALES: UNA ESTRATEGIA PARA PENSAR Y ESTUDIAR."},"content":{"rendered":"","protected":false},"excerpt":{"rendered":"<p>La t\u00e9cnica de los Mapas Mentales parte del pensamiento irradiante, que consiste en establecer m\u00faltiples relaciones ramificadas entre los conceptos e ideas, a partir de una idea-eje o n\u00facleo central.<\/p>\n<p>Constituyen la t\u00e9cnica que mejor se adapta al funcionamiento del cerebro, consiguiendo un mayor rendimiento, mediante el uso de las im\u00e1genes, los s\u00edmbolos, el color y la palabra. Los mapas mentales garantizan el desarrollo de las capacidades mentales, facilitan el desarrollo de la autoestima y la cooperaci\u00f3n en el alumnado y hacen del proceso de aprendizaje una experiencia estimulante, entretenida y eficaz en sus resultados.<\/p>\n<p>El libro publicado en el 2.002 incluye una descripci\u00f3n \u00abpaso a paso\u00bb para utilizar Powerpoint en la elaboraci\u00f3n de mapas mentales.<\/p>\n<p><a href=\"https:\/\/tavapy.gov.py\/biblioteca\/wp-content\/uploads\/2023\/03\/OntoriaA-Aprender-con-mapas-mentales.pdf\" target=\"_blank\" rel=\"attachment noopener wp-att-7418\"><img loading=\"lazy\" decoding=\"async\" class=\"size-full wp-image-7418 alignleft\" src=\"https:\/\/tavapy.gov.py\/biblioteca\/wp-content\/uploads\/2023\/03\/icono-PDF-copia-2.png\" alt=\"\" width=\"121\" height=\"140\" \/><\/a><\/p>\n","protected":false},"featured_media":7397,"comment_status":"open","ping_status":"closed","template":"","meta":{"spay_email":""},"product_cat":[1016],"product_tag":[],"class_list":{"0":"post-7426","1":"product","2":"type-product","3":"status-publish","4":"has-post-thumbnail","6":"book_author-antonio-ontoria","7":"product_cat-pedagogia-tecnicas-de-estudio","8":"entry"},"_links":{"self":[{"href":"https:\/\/tavapy.gov.py\/biblioteca\/wp-json\/wp\/v2\/product\/7426","targetHints":{"allow":["GET"]}}],"collection":[{"href":"https:\/\/tavapy.gov.py\/biblioteca\/wp-json\/wp\/v2\/product"}],"about":[{"href":"https:\/\/tavapy.gov.py\/biblioteca\/wp-json\/wp\/v2\/types\/product"}],"replies":[{"embeddable":true,"href":"https:\/\/tavapy.gov.py\/biblioteca\/wp-json\/wp\/v2\/comments?post=7426"}],"wp:featuredmedia":[{"embeddable":true,"href":"https:\/\/tavapy.gov.py\/biblioteca\/wp-json\/wp\/v2\/media\/7397"}],"wp:attachment":[{"href":"https:\/\/tavapy.gov.py\/biblioteca\/wp-json\/wp\/v2\/media?parent=7426"}],"wp:term":[{"taxonomy":"product_cat","embeddable":true,"href":"https:\/\/tavapy.gov.py\/biblioteca\/wp-json\/wp\/v2\/product_cat?post=7426"},{"taxonomy":"product_tag","embeddable":true,"href":"https:\/\/tavapy.gov.py\/biblioteca\/wp-json\/wp\/v2\/product_tag?post=7426"}],"curies":[{"name":"wp","href":"https:\/\/api.w.org\/{rel}","templated":true}]}}