{"id":7428,"date":"2023-03-13T15:02:37","date_gmt":"2023-03-13T15:02:37","guid":{"rendered":"https:\/\/tavapy.gov.py\/biblioteca\/?post_type=product&#038;p=7428"},"modified":"2023-03-13T15:02:38","modified_gmt":"2023-03-13T15:02:38","slug":"como-sobrevivir-a-lo-suspensos-de-tus-hijos-una-guia-realista-y-practica-para-saber-que-podemos-y-que-no-podemos-hacer-los-padres","status":"publish","type":"product","link":"https:\/\/tavapy.gov.py\/biblioteca\/product\/como-sobrevivir-a-lo-suspensos-de-tus-hijos-una-guia-realista-y-practica-para-saber-que-podemos-y-que-no-podemos-hacer-los-padres\/","title":{"rendered":"C\u00d3MO SOBREVIVIR A LO SUSPENSOS DE TUS HIJOS. UNA GU\u00cdA REALISTA Y PR\u00c1CTICA PARA SABER QU\u00c9 PODEMOS Y QU\u00c9 NO PODEMOS HACER LOS PADRES."},"content":{"rendered":"","protected":false},"excerpt":{"rendered":"<p>\u00bfQU\u00c9 SON LOS SUSPENSOS? \u00bfUNA ENFERMEDAD CONTAGIOSA? \u00bfUN S\u00cdNTOMA DE QUE ALGO VA MAL? \u00bfUNA CONSECUENCIA L\u00d3GICA?<\/p>\n<p>El caso es que los suspensos de los hijos decepcionan a los padres, que se sienten responsables y frustrados al comparar a su hijo con los dem\u00e1s&#8230; En el hecho de que un hijo suspenda influyen muchas variables, y tanto los hijos como los padres solo pueden intentar cambiar las que dependen directamente de ellos. Y tambi\u00e9n existen varios tipos de suspendedores que deben ser ayudados de diferentes formas.<\/p>\n<p>Este libro publicado en el 2.015 pretende ser una gu\u00eda para ti, padre o madre de suspendedor, en la que puedes ver a qu\u00e9 te enfrentas y qu\u00e9 puedes o no puedes hacer cuando tus hijos no aprueban. Y sobre todo, para que no desfallezcas en el camino de la educaci\u00f3n de tus hijos ni dejes que los suspensos te obsesionen. Y si, adem\u00e1s, consigue arrancarte alguna sonrisa y que veas menos negro el panorama, habr\u00e1 logrado su objetivo.<\/p>\n<p><a href=\"https:\/\/tavapy.gov.py\/biblioteca\/wp-content\/uploads\/2023\/03\/PajueloC-Como-sobrevivir-a-los-suspensos-de-tus-hijos.pdf\" target=\"_blank\" rel=\"attachment noopener wp-att-7418\"><img loading=\"lazy\" decoding=\"async\" class=\"size-full wp-image-7418 alignleft\" src=\"https:\/\/tavapy.gov.py\/biblioteca\/wp-content\/uploads\/2023\/03\/icono-PDF-copia-2.png\" alt=\"\" width=\"121\" height=\"140\" \/><\/a><\/p>\n","protected":false},"featured_media":7399,"comment_status":"open","ping_status":"closed","template":"","meta":{"spay_email":""},"product_cat":[1018],"product_tag":[],"class_list":{"0":"post-7428","1":"product","2":"type-product","3":"status-publish","4":"has-post-thumbnail","6":"book_author-carlos-pajuelo","7":"product_cat-autoayuda-psicologia-basica-orientacion-para-padres","8":"entry"},"_links":{"self":[{"href":"https:\/\/tavapy.gov.py\/biblioteca\/wp-json\/wp\/v2\/product\/7428","targetHints":{"allow":["GET"]}}],"collection":[{"href":"https:\/\/tavapy.gov.py\/biblioteca\/wp-json\/wp\/v2\/product"}],"about":[{"href":"https:\/\/tavapy.gov.py\/biblioteca\/wp-json\/wp\/v2\/types\/product"}],"replies":[{"embeddable":true,"href":"https:\/\/tavapy.gov.py\/biblioteca\/wp-json\/wp\/v2\/comments?post=7428"}],"wp:featuredmedia":[{"embeddable":true,"href":"https:\/\/tavapy.gov.py\/biblioteca\/wp-json\/wp\/v2\/media\/7399"}],"wp:attachment":[{"href":"https:\/\/tavapy.gov.py\/biblioteca\/wp-json\/wp\/v2\/media?parent=7428"}],"wp:term":[{"taxonomy":"product_cat","embeddable":true,"href":"https:\/\/tavapy.gov.py\/biblioteca\/wp-json\/wp\/v2\/product_cat?post=7428"},{"taxonomy":"product_tag","embeddable":true,"href":"https:\/\/tavapy.gov.py\/biblioteca\/wp-json\/wp\/v2\/product_tag?post=7428"}],"curies":[{"name":"wp","href":"https:\/\/api.w.org\/{rel}","templated":true}]}}