{"id":7496,"date":"2024-10-14T15:51:26","date_gmt":"2024-10-14T15:51:26","guid":{"rendered":"https:\/\/tavapy.gov.py\/biblioteca\/?post_type=product&#038;p=7496"},"modified":"2024-10-14T15:51:26","modified_gmt":"2024-10-14T15:51:26","slug":"12-reglas-para-vivir-un-antidoto-al-caos","status":"publish","type":"product","link":"https:\/\/tavapy.gov.py\/biblioteca\/product\/12-reglas-para-vivir-un-antidoto-al-caos\/","title":{"rendered":"12 REGLAS PARA VIVIR. UN ANT\u00cdDOTO AL CAOS"},"content":{"rendered":"","protected":false},"excerpt":{"rendered":"<p>La obra 12 Reglas para Vivir fue publicada en el a\u00f1o 2.018.<\/p>\n<p>\u00bfCu\u00e1les son las reglas esenciales para vivir que todos deber\u00edamos conocer? Regla N\u00b0 1: mantente erguido con los hombros hacia atr\u00e1s\u2026, como las langostas; regla N\u00b0 8: di la verdad, o por lo menos no mientas; regla N\u00b0 11: no molestes a los ni\u00f1os cuando montan en monopat\u00edn; regla N\u00b0 12: cuando te encuentres un gato por la calle, acar\u00edcialo.<\/p>\n<p>Jordan Peterson, \u00abel pensador m\u00e1s pol\u00e9mico e influyente de nuestro tiempo\u00bb, seg\u00fan el Spectator, nos propone un apasionante viaje por la historia de las ideas y de la ciencia \u2014desde las tradiciones antiguas a los \u00faltimos descubrimientos cient\u00edficos\u2014 para tratar de responder a una pregunta esencial: qu\u00e9 informaci\u00f3n b\u00e1sica necesitamos para vivir en plenitud.<\/p>\n<p>Con humor, amenidad y esp\u00edritu divulgativo, Peterson recorre pa\u00edses, tiempos y culturas al mismo tiempo que reflexiona sobre conceptos como la aventura, la disciplina y la responsabilidad.<\/p>\n<p>Todo con el fin de desgranar el saber humano en doce hondas y pr\u00e1cticas reglas para la vida que rompen radicalmente con los lugares comunes de la correcci\u00f3n pol\u00edtica.<\/p>\n<p><a href=\"https:\/\/tavapy.gov.py\/biblioteca\/wp-content\/uploads\/2024\/10\/12-reglas-para-vivir-Jordan-Peterson.pdf\" rel=\"attachment wp-att-7418\"><img loading=\"lazy\" decoding=\"async\" class=\"alignnone wp-image-7418 size-full\" src=\"https:\/\/tavapy.gov.py\/biblioteca\/wp-content\/uploads\/2023\/03\/icono-PDF-copia-2.png\" alt=\"\" width=\"121\" height=\"140\" \/><\/a><\/p>\n","protected":false},"featured_media":7470,"comment_status":"open","ping_status":"closed","template":"","meta":{"spay_email":""},"product_cat":[922],"product_tag":[],"class_list":{"0":"post-7496","1":"product","2":"type-product","3":"status-publish","4":"has-post-thumbnail","6":"book_author-jordan-peterson","7":"product_cat-autoayuda-crecimiento-personal","8":"entry"},"_links":{"self":[{"href":"https:\/\/tavapy.gov.py\/biblioteca\/wp-json\/wp\/v2\/product\/7496","targetHints":{"allow":["GET"]}}],"collection":[{"href":"https:\/\/tavapy.gov.py\/biblioteca\/wp-json\/wp\/v2\/product"}],"about":[{"href":"https:\/\/tavapy.gov.py\/biblioteca\/wp-json\/wp\/v2\/types\/product"}],"replies":[{"embeddable":true,"href":"https:\/\/tavapy.gov.py\/biblioteca\/wp-json\/wp\/v2\/comments?post=7496"}],"wp:featuredmedia":[{"embeddable":true,"href":"https:\/\/tavapy.gov.py\/biblioteca\/wp-json\/wp\/v2\/media\/7470"}],"wp:attachment":[{"href":"https:\/\/tavapy.gov.py\/biblioteca\/wp-json\/wp\/v2\/media?parent=7496"}],"wp:term":[{"taxonomy":"product_cat","embeddable":true,"href":"https:\/\/tavapy.gov.py\/biblioteca\/wp-json\/wp\/v2\/product_cat?post=7496"},{"taxonomy":"product_tag","embeddable":true,"href":"https:\/\/tavapy.gov.py\/biblioteca\/wp-json\/wp\/v2\/product_tag?post=7496"}],"curies":[{"name":"wp","href":"https:\/\/api.w.org\/{rel}","templated":true}]}}