{"id":7500,"date":"2024-10-14T21:25:31","date_gmt":"2024-10-14T21:25:31","guid":{"rendered":"https:\/\/tavapy.gov.py\/biblioteca\/?post_type=product&#038;p=7500"},"modified":"2024-10-14T21:25:31","modified_gmt":"2024-10-14T21:25:31","slug":"planeacion-estrategica-fundamentos-y-aplicaciones","status":"publish","type":"product","link":"https:\/\/tavapy.gov.py\/biblioteca\/product\/planeacion-estrategica-fundamentos-y-aplicaciones\/","title":{"rendered":"PLANEACI\u00d3N ESTRAT\u00c9GICA. FUNDAMENTOS Y APLICACIONES."},"content":{"rendered":"","protected":false},"excerpt":{"rendered":"<p>La planeaci\u00f3n estrat\u00e9gica es el proceso por el cual se trazan las directrices para definir los planes de acci\u00f3n que le generar\u00e1n ventajas competitivas y sustentabilidad de largo plazo a la organizaci\u00f3n.<\/p>\n<p>Se basa en identificar los recursos potenciales, alinear las competencias, reconocer las fortalezas y debilidades y establecer el conjunto de medidas integradas que se aplicar\u00e1n para asegurar que la organizaci\u00f3n alcance los resultados planeados.<\/p>\n<p>Sin embargo, \u00e9sta s\u00f3lo llegar\u00e1 a su m\u00e1xima eficacia cuando todas las personas que la componen, como conjunto permanente y orquestado, la acepten, la entiendan y la apliquen.<\/p>\n<p>La obra Planeaci\u00f3n estrat\u00e9gica. Fundamentos y aplicaciones presenta todas las etapas del proceso de la planeaci\u00f3n estrat\u00e9gica, desde la intenci\u00f3n estrat\u00e9gica hasta el resultado final, y sirve como manual para elaborar el plan estrat\u00e9gico de organizaciones con o sin fines de lucro, compa\u00f1\u00edas p\u00fablicas o privadas, empresas peque\u00f1as, medianas o grandes y negocios familiares o de emprendedores, sea cual fuere su objeto o tama\u00f1o.<\/p>\n<p><a href=\"https:\/\/tavapy.gov.py\/biblioteca\/wp-content\/uploads\/2024\/10\/ChiavenatoI-Planeacion-estrategica.pdf\" rel=\"attachment wp-att-7418\"><img loading=\"lazy\" decoding=\"async\" class=\"alignnone wp-image-7418 size-full\" src=\"https:\/\/tavapy.gov.py\/biblioteca\/wp-content\/uploads\/2023\/03\/icono-PDF-copia-2.png\" alt=\"\" width=\"121\" height=\"140\" \/><\/a><\/p>\n","protected":false},"featured_media":7482,"comment_status":"open","ping_status":"closed","template":"","meta":{"spay_email":""},"product_cat":[506],"product_tag":[],"class_list":{"0":"post-7500","1":"product","2":"type-product","3":"status-publish","4":"has-post-thumbnail","6":"book_author-idalberto-chiavenato","7":"product_cat-administracion-gestion-empresarial","8":"entry"},"_links":{"self":[{"href":"https:\/\/tavapy.gov.py\/biblioteca\/wp-json\/wp\/v2\/product\/7500","targetHints":{"allow":["GET"]}}],"collection":[{"href":"https:\/\/tavapy.gov.py\/biblioteca\/wp-json\/wp\/v2\/product"}],"about":[{"href":"https:\/\/tavapy.gov.py\/biblioteca\/wp-json\/wp\/v2\/types\/product"}],"replies":[{"embeddable":true,"href":"https:\/\/tavapy.gov.py\/biblioteca\/wp-json\/wp\/v2\/comments?post=7500"}],"wp:featuredmedia":[{"embeddable":true,"href":"https:\/\/tavapy.gov.py\/biblioteca\/wp-json\/wp\/v2\/media\/7482"}],"wp:attachment":[{"href":"https:\/\/tavapy.gov.py\/biblioteca\/wp-json\/wp\/v2\/media?parent=7500"}],"wp:term":[{"taxonomy":"product_cat","embeddable":true,"href":"https:\/\/tavapy.gov.py\/biblioteca\/wp-json\/wp\/v2\/product_cat?post=7500"},{"taxonomy":"product_tag","embeddable":true,"href":"https:\/\/tavapy.gov.py\/biblioteca\/wp-json\/wp\/v2\/product_tag?post=7500"}],"curies":[{"name":"wp","href":"https:\/\/api.w.org\/{rel}","templated":true}]}}