{"id":7511,"date":"2024-10-15T01:40:44","date_gmt":"2024-10-15T01:40:44","guid":{"rendered":"https:\/\/tavapy.gov.py\/biblioteca\/?post_type=product&#038;p=7511"},"modified":"2024-10-15T01:40:44","modified_gmt":"2024-10-15T01:40:44","slug":"inteligencia-espiritual-en-la-practica-como-aplicarla-en-la-vida-y-en-la-empresa","status":"publish","type":"product","link":"https:\/\/tavapy.gov.py\/biblioteca\/product\/inteligencia-espiritual-en-la-practica-como-aplicarla-en-la-vida-y-en-la-empresa\/","title":{"rendered":"INTELIGENCIA ESPIRITUAL EN LA PR\u00c1CTICA. C\u00d3MO APLICARLA EN LA VIDA Y EN LA EMPRESA."},"content":{"rendered":"","protected":false},"excerpt":{"rendered":"<p>A trav\u00e9s de un enfoque cient\u00edfico, basado en neurociencia y en m\u00faltiples investigaciones, y con un lenguaje simple y ameno, el autor nos acerca a los conceptos de inteligencia espiritual y nos obliga a detenernos en medio de nuestra acelerada rutina y preguntarnos: \u00bfcu\u00e1l es el verdadero prop\u00f3sito de nuestra vida?<\/p>\n<p>Un libro que ayuda, de manera pr\u00e1ctica, a aumentar nuestro nivel de inteligencia espiritual. Mediante diversos ejercicios y tests, el lector va tomando conciencia de los factores que inciden en sus emociones, en su ego y a la vez comprende que sentirse pleno depende, principalmente, de la propia voluntad.<\/p>\n<p>La obra Inteligencia espiritual en la pr\u00e1ctica fue publicada en el 2.016.<\/p>\n<p><a href=\"https:\/\/tavapy.gov.py\/biblioteca\/wp-content\/uploads\/2024\/10\/FischmanD-Inteligencia-espiritual-en-la-practica.pdf\" rel=\"attachment wp-att-7418\"><img loading=\"lazy\" decoding=\"async\" class=\"alignnone wp-image-7418 size-full\" src=\"https:\/\/tavapy.gov.py\/biblioteca\/wp-content\/uploads\/2023\/03\/icono-PDF-copia-2.png\" alt=\"\" width=\"121\" height=\"140\" \/><\/a><\/p>\n","protected":false},"featured_media":7508,"comment_status":"open","ping_status":"closed","template":"","meta":{"spay_email":""},"product_cat":[1033],"product_tag":[],"class_list":{"0":"post-7511","1":"product","2":"type-product","3":"status-publish","4":"has-post-thumbnail","6":"book_author-david-fischman","7":"product_cat-autoayuda-espiritualidad-neurociencia","8":"entry"},"_links":{"self":[{"href":"https:\/\/tavapy.gov.py\/biblioteca\/wp-json\/wp\/v2\/product\/7511","targetHints":{"allow":["GET"]}}],"collection":[{"href":"https:\/\/tavapy.gov.py\/biblioteca\/wp-json\/wp\/v2\/product"}],"about":[{"href":"https:\/\/tavapy.gov.py\/biblioteca\/wp-json\/wp\/v2\/types\/product"}],"replies":[{"embeddable":true,"href":"https:\/\/tavapy.gov.py\/biblioteca\/wp-json\/wp\/v2\/comments?post=7511"}],"wp:featuredmedia":[{"embeddable":true,"href":"https:\/\/tavapy.gov.py\/biblioteca\/wp-json\/wp\/v2\/media\/7508"}],"wp:attachment":[{"href":"https:\/\/tavapy.gov.py\/biblioteca\/wp-json\/wp\/v2\/media?parent=7511"}],"wp:term":[{"taxonomy":"product_cat","embeddable":true,"href":"https:\/\/tavapy.gov.py\/biblioteca\/wp-json\/wp\/v2\/product_cat?post=7511"},{"taxonomy":"product_tag","embeddable":true,"href":"https:\/\/tavapy.gov.py\/biblioteca\/wp-json\/wp\/v2\/product_tag?post=7511"}],"curies":[{"name":"wp","href":"https:\/\/api.w.org\/{rel}","templated":true}]}}