{"id":7520,"date":"2024-10-16T01:52:11","date_gmt":"2024-10-16T01:52:11","guid":{"rendered":"https:\/\/tavapy.gov.py\/biblioteca\/?post_type=product&#038;p=7520"},"modified":"2024-10-16T01:52:11","modified_gmt":"2024-10-16T01:52:11","slug":"ante-el-vacio-existencial-hacia-una-humanizacion-de-la-psicoterapia","status":"publish","type":"product","link":"https:\/\/tavapy.gov.py\/biblioteca\/product\/ante-el-vacio-existencial-hacia-una-humanizacion-de-la-psicoterapia\/","title":{"rendered":"ANTE EL VAC\u00cdO EXISTENCIAL: HACIA UNA HUMANIZACI\u00d3N DE LA PSICOTERAPIA"},"content":{"rendered":"","protected":false},"excerpt":{"rendered":"<p>Ante el vac\u00edo existencial ofrece no solo las l\u00facidas y cr\u00edticas reflexiones de Frankl acerca de las tendencias despersonalizadoras que emana el esp\u00edritu contempor\u00e1neo, sino tambi\u00e9n las respuestas, llenas de humanismo, de c\u00f3mo se deben afrontar.<\/p>\n<p>As\u00ed, la lectura atenta de estos textos nos hace descubrir una \u00abvoluntad de sentido\u00bb, a trav\u00e9s del an\u00e1lisis existencial, para comprender los signos de nuestro tiempo.<\/p>\n<p>Viktor Frankl afirm\u00f3 que en la actualidad ya no lidiamos, como en los tiempos de Freud, con la frustraci\u00f3n sexual, sino con la frustraci\u00f3n existencial. En efecto, cada \u00e9poca tiene sus neurosis y necesita su psicoterapia: la sociedad de la opulencia solo satisface necesidades transitorias, pero deja al margen la voluntad de sentido.<\/p>\n<p>En consecuencia, hoy en d\u00eda nos enfrentamos a un complejo sentimiento de vac\u00edo.<\/p>\n<p>La obra \u201cAnte el vac\u00edo existencial: hacia una humanizaci\u00f3n de la psicoterapia\u201d fue publicada en \u00a01.994.<\/p>\n<p><a href=\"https:\/\/tavapy.gov.py\/biblioteca\/wp-content\/uploads\/2024\/10\/FranklV-Ante-El-Vacio-Existencial-Hacia-Una-Humanizacion-De-La-Psicoterapia.pdf\" rel=\"attachment wp-att-7418\"><img loading=\"lazy\" decoding=\"async\" class=\"alignnone wp-image-7418 size-full\" src=\"https:\/\/tavapy.gov.py\/biblioteca\/wp-content\/uploads\/2023\/03\/icono-PDF-copia-2.png\" alt=\"\" width=\"121\" height=\"140\" \/><\/a><\/p>\n","protected":false},"featured_media":7515,"comment_status":"open","ping_status":"closed","template":"","meta":{"spay_email":""},"product_cat":[1036],"product_tag":[],"class_list":{"0":"post-7520","1":"product","2":"type-product","3":"status-publish","4":"has-post-thumbnail","6":"book_author-viktor-frankl","7":"product_cat-psicologia-filosofia-espiritualidad","8":"entry"},"_links":{"self":[{"href":"https:\/\/tavapy.gov.py\/biblioteca\/wp-json\/wp\/v2\/product\/7520","targetHints":{"allow":["GET"]}}],"collection":[{"href":"https:\/\/tavapy.gov.py\/biblioteca\/wp-json\/wp\/v2\/product"}],"about":[{"href":"https:\/\/tavapy.gov.py\/biblioteca\/wp-json\/wp\/v2\/types\/product"}],"replies":[{"embeddable":true,"href":"https:\/\/tavapy.gov.py\/biblioteca\/wp-json\/wp\/v2\/comments?post=7520"}],"wp:featuredmedia":[{"embeddable":true,"href":"https:\/\/tavapy.gov.py\/biblioteca\/wp-json\/wp\/v2\/media\/7515"}],"wp:attachment":[{"href":"https:\/\/tavapy.gov.py\/biblioteca\/wp-json\/wp\/v2\/media?parent=7520"}],"wp:term":[{"taxonomy":"product_cat","embeddable":true,"href":"https:\/\/tavapy.gov.py\/biblioteca\/wp-json\/wp\/v2\/product_cat?post=7520"},{"taxonomy":"product_tag","embeddable":true,"href":"https:\/\/tavapy.gov.py\/biblioteca\/wp-json\/wp\/v2\/product_tag?post=7520"}],"curies":[{"name":"wp","href":"https:\/\/api.w.org\/{rel}","templated":true}]}}