{"id":99,"date":"2013-06-07T11:38:12","date_gmt":"2013-06-07T11:38:12","guid":{"rendered":"http:\/\/demo2.woothemes.com\/woocommerce\/?post_type=product&#038;p=99"},"modified":"2022-06-14T19:19:59","modified_gmt":"2022-06-14T19:19:59","slug":"la-politica-por-aristoteles","status":"publish","type":"product","link":"https:\/\/tavapy.gov.py\/biblioteca\/product\/la-politica-por-aristoteles\/","title":{"rendered":"LA POL\u00cdTICA."},"content":{"rendered":"","protected":false},"excerpt":{"rendered":"<p>Pol\u00edtica re\u00fane los escritos que Arist\u00f3teles (384-322 a. C.) dedic\u00f3 a la vida en sociedad y la organizaci\u00f3n de la convivencia c\u00edvica. Una suma de tratados menores de sorprendente riqueza de temas, expuestos con la agudeza y profundidad que caracteriza el pensamiento aristot\u00e9lico.<\/p>\n<p>La obra analiza las estructuras b\u00e1sicas de la sociedad, en la que la ciudad representa el logro m\u00e1s cabal: el hombre est\u00e1 definido como un ser c\u00edvico, ser pol\u00edtico, y por encima de la familia, la tribu y la aldea se perfila la \u201cpolis\u201d como el \u00e1mbito autosuficiente de la cultura y la vida feliz.<\/p>\n<p>Tras pasar revista a los distintos tipos de gobierno, se muestra partidario de la democracia moderada, la clase media, el equilibrio de poderes y una constituci\u00f3n mixta. Se\u00f1ala despu\u00e9s los rasgos que definen al ciudadano en su participaci\u00f3n en las tareas comunitarias, e insiste en la importancia de la educaci\u00f3n para mantener y mejorar esa vida digna y libre.<\/p>\n<p>De temperamento moderado y liberal, Arist\u00f3teles defiende los logros civilizadores de la \u201cpolis\u201d hel\u00e9nica, su limitado humanismo y su marco seguro y acogedor, frente a los riesgos de la revoluci\u00f3n y la confusi\u00f3n. Con sobrados m\u00e9ritos, este es uno de los libros cl\u00e1sicos del pensamiento pol\u00edtico, no tanto por sus soluciones cuanto por la honestidad y claridad de sus planteamientos.<\/p>\n<p><a href=\"https:\/\/tavapy.gov.py\/biblioteca\/wp-content\/uploads\/2022\/03\/Aristoteles-Politica-1.pdf\" target=\"_blank\" rel=\"noopener\"><img loading=\"lazy\" decoding=\"async\" class=\"alignleft wp-image-3048\" src=\"https:\/\/tavapy.gov.py\/biblioteca\/wp-content\/uploads\/2013\/06\/icono-PDF-258x300.png\" alt=\"\" width=\"122\" height=\"140\" \/><\/a><\/p>\n","protected":false},"featured_media":3047,"comment_status":"open","ping_status":"closed","template":"","meta":{"spay_email":""},"product_cat":[48],"product_tag":[],"class_list":{"0":"post-99","1":"product","2":"type-product","3":"status-publish","4":"has-post-thumbnail","6":"book_author-aristoteles","7":"product_cat-politica","8":"entry"},"_links":{"self":[{"href":"https:\/\/tavapy.gov.py\/biblioteca\/wp-json\/wp\/v2\/product\/99","targetHints":{"allow":["GET"]}}],"collection":[{"href":"https:\/\/tavapy.gov.py\/biblioteca\/wp-json\/wp\/v2\/product"}],"about":[{"href":"https:\/\/tavapy.gov.py\/biblioteca\/wp-json\/wp\/v2\/types\/product"}],"replies":[{"embeddable":true,"href":"https:\/\/tavapy.gov.py\/biblioteca\/wp-json\/wp\/v2\/comments?post=99"}],"wp:featuredmedia":[{"embeddable":true,"href":"https:\/\/tavapy.gov.py\/biblioteca\/wp-json\/wp\/v2\/media\/3047"}],"wp:attachment":[{"href":"https:\/\/tavapy.gov.py\/biblioteca\/wp-json\/wp\/v2\/media?parent=99"}],"wp:term":[{"taxonomy":"product_cat","embeddable":true,"href":"https:\/\/tavapy.gov.py\/biblioteca\/wp-json\/wp\/v2\/product_cat?post=99"},{"taxonomy":"product_tag","embeddable":true,"href":"https:\/\/tavapy.gov.py\/biblioteca\/wp-json\/wp\/v2\/product_tag?post=99"}],"curies":[{"name":"wp","href":"https:\/\/api.w.org\/{rel}","templated":true}]}}